CRAN Package Check Results for Package ctmm

Last updated on 2022-08-14 01:49:11 CEST.

Flavor Version Tinstall Tcheck Ttotal Status Flags
r-devel-linux-x86_64-debian-clang 1.0.0 68.06 632.97 701.03 OK --no-vignettes
r-devel-linux-x86_64-debian-gcc 1.0.0 55.54 463.54 519.08 OK --no-vignettes
r-devel-linux-x86_64-fedora-clang 1.0.0 866.24 OK --no-vignettes
r-devel-linux-x86_64-fedora-gcc 1.0.0 868.95 OK --no-vignettes
r-devel-windows-x86_64 1.0.0 1327.00 596.00 1923.00 OK --no-vignettes
r-patched-linux-x86_64 1.0.0 68.22 595.00 663.22 OK --no-vignettes
r-release-linux-x86_64 1.0.0 63.72 598.58 662.30 OK --no-vignettes
r-release-macos-arm64 1.0.0 1510.00 OK
r-release-macos-x86_64 1.0.0 1802.00 ERROR
r-release-windows-x86_64 1.0.0 931.00 611.00 1542.00 OK --no-vignettes
r-oldrel-macos-arm64 1.0.0 1361.00 OK
r-oldrel-macos-x86_64 1.0.0 1802.00 OK
r-oldrel-windows-ix86+x86_64 1.0.0 262.00 629.00 891.00 OK --no-vignettes

Check Details

Version: 1.0.0
Check: re-building of vignette outputs
Result: ERROR
    Error(s) in re-building vignettes:
     ...
    --- re-building ‘akde.Rmd’ using rmarkdown
    --- finished re-building ‘akde.Rmd’
    
    --- re-building ‘error.Rmd’ using rmarkdown
    
    Execution halted
    
    * checking PDF version of manual ...* using check arguments '--no-clean-on-error '
Flavor: r-release-macos-x86_64