Last updated on 2024-03-28 23:55:04 CET.
Flavor | Version | Tinstall | Tcheck | Ttotal | Status | Flags |
---|---|---|---|---|---|---|
r-devel-linux-x86_64-debian-clang | 1.0.1 | 37.33 | 538.66 | 575.99 | OK | |
r-devel-linux-x86_64-debian-gcc | 1.0.1 | 23.47 | 394.29 | 417.76 | OK | |
r-devel-linux-x86_64-fedora-clang | 1.0.1 | 665.60 | OK | |||
r-devel-linux-x86_64-fedora-gcc | 1.0.1 | 692.72 | OK | |||
r-devel-windows-x86_64 | 1.0.1 | 93.00 | 494.00 | 587.00 | OK | |
r-patched-linux-x86_64 | 1.0.1 | 36.12 | 500.71 | 536.83 | OK | |
r-release-linux-x86_64 | 1.0.1 | 33.37 | 514.55 | 547.92 | OK | |
r-release-macos-arm64 | 1.0.1 | 209.00 | OK | |||
r-release-macos-x86_64 | 1.0.1 | 6.00 | ERROR | |||
r-release-windows-x86_64 | 1.0.1 | 116.00 | 623.00 | 739.00 | OK | |
r-oldrel-macos-arm64 | 1.0.1 | 162.00 | OK | |||
r-oldrel-windows-x86_64 | 1.0.1 | 118.00 | 600.00 | 718.00 | OK |
Version: 1.0.1
Check: package dependencies
Result: ERROR
Package required but not available: ‘ctmm’
See section ‘The DESCRIPTION file’ in the ‘Writing R Extensions’
manual.
Flavor: r-release-macos-x86_64