Last updated on 2023-03-26 16:54:11 CEST.
Flavor | Version | Tinstall | Tcheck | Ttotal | Status | Flags |
---|---|---|---|---|---|---|
r-devel-linux-x86_64-debian-clang | 3.7.2 | 1611.28 | 311.52 | 1922.80 | NOTE | |
r-devel-linux-x86_64-debian-gcc | 3.7.2 | 740.86 | 251.93 | 992.79 | NOTE | |
r-devel-linux-x86_64-fedora-gcc | 3.7.2 | 1764.06 | NOTE | |||
r-devel-windows-x86_64 | 3.7.2 | 529.00 | 360.00 | 889.00 | NOTE | --no-vignettes |
r-patched-linux-x86_64 | 3.7.2 | 720.16 | 322.50 | 1042.66 | NOTE | |
r-release-linux-x86_64 | 3.7.2 | 580.88 | 329.28 | 910.16 | NOTE | |
r-release-macos-arm64 | 3.7.2 | 672.00 | NOTE | |||
r-release-macos-x86_64 | 3.7.2 | 900.00 | NOTE | |||
r-release-windows-x86_64 | 3.7.2 | 1213.00 | 363.00 | 1576.00 | NOTE | --no-vignettes |
r-oldrel-macos-arm64 | 3.7.2 | 673.00 | NOTE | |||
r-oldrel-macos-x86_64 | 3.7.2 | 890.00 | NOTE | |||
r-oldrel-windows-ix86+x86_64 | 3.7.2 | 1005.00 | 458.00 | 1463.00 | NOTE | --no-vignettes |
Version: 3.7.2
Check: C++ specification
Result: NOTE
Specified C++14: please drop specification unless essential
Flavors: r-devel-linux-x86_64-debian-clang, r-devel-linux-x86_64-debian-gcc, r-devel-linux-x86_64-fedora-gcc, r-patched-linux-x86_64
Version: 3.7.2
Check: for GNU extensions in Makefiles
Result: NOTE
GNU make is a SystemRequirements.
Flavors: r-devel-linux-x86_64-debian-clang, r-devel-linux-x86_64-debian-gcc, r-devel-linux-x86_64-fedora-gcc, r-patched-linux-x86_64, r-release-linux-x86_64, r-release-macos-arm64, r-release-macos-x86_64, r-oldrel-macos-arm64, r-oldrel-macos-x86_64
Version: 3.7.2
Check: for detritus in the temp directory
Result: NOTE
Found the following files/directories:
‘par-7269706c6579’
Flavor: r-devel-linux-x86_64-fedora-gcc
Version: 3.7.2
Flags: --no-vignettes
Check: C++ specification
Result: NOTE
Specified C++14: please drop specification unless essential
Flavor: r-devel-windows-x86_64
Version: 3.7.2
Flags: --no-vignettes
Check: installed package size
Result: NOTE
installed size is 10.2Mb
sub-directories of 1Mb or more:
R 1.2Mb
data 1.6Mb
doc 1.2Mb
libs 5.9Mb
Flavors: r-devel-windows-x86_64, r-release-windows-x86_64, r-oldrel-windows-ix86+x86_64
Version: 3.7.2
Flags: --no-vignettes
Check: for GNU extensions in Makefiles
Result: NOTE
GNU make is a SystemRequirements.
Flavors: r-devel-windows-x86_64, r-release-windows-x86_64, r-oldrel-windows-ix86+x86_64
Version: 3.7.2
Check: installed package size
Result: NOTE
installed size is 151.4Mb
sub-directories of 1Mb or more:
R 2.0Mb
data 1.6Mb
doc 1.2Mb
libs 146.3Mb
Flavors: r-release-macos-arm64, r-release-macos-x86_64, r-oldrel-macos-arm64, r-oldrel-macos-x86_64