Last updated on 2024-03-28 15:49:44 CET.
Flavor | Version | Tinstall | Tcheck | Ttotal | Status | Flags |
---|---|---|---|---|---|---|
r-devel-linux-x86_64-debian-clang | 1.0.6 | 48.84 | 711.32 | 760.16 | OK | |
r-devel-linux-x86_64-debian-gcc | 1.0.6 | 36.16 | 541.95 | 578.11 | OK | |
r-devel-linux-x86_64-fedora-clang | 1.0.6 | 907.76 | OK | |||
r-devel-linux-x86_64-fedora-gcc | 1.0.6 | 894.02 | OK | |||
r-devel-windows-x86_64 | 1.0.6 | 28.00 | 214.00 | 242.00 | OK | --no-vignettes |
r-patched-linux-x86_64 | 1.0.6 | 0.39 | 2.36 | 2.75 | ERROR | |
r-release-linux-x86_64 | 1.0.6 | 0.38 | 1.95 | 2.33 | ERROR | |
r-release-macos-arm64 | 1.0.6 | 10.00 | ERROR | |||
r-release-macos-x86_64 | 1.0.6 | 494.00 | OK | |||
r-release-windows-x86_64 | 1.0.6 | 37.00 | 225.00 | 262.00 | OK | --no-vignettes |
r-oldrel-macos-arm64 | 1.0.6 | 234.00 | OK | |||
r-oldrel-windows-x86_64 | 1.0.6 | 42.00 | 263.00 | 305.00 | OK | --no-vignettes |
Version: 1.0.6
Check: package dependencies
Result: ERROR
Package required but not available: ‘ctsem’
See section ‘The DESCRIPTION file’ in the ‘Writing R Extensions’
manual.
Flavors: r-patched-linux-x86_64, r-release-linux-x86_64, r-release-macos-arm64