Last updated on 2024-04-23 16:58:12 CEST.
Flavor | Version | Tinstall | Tcheck | Ttotal | Status | Flags |
---|---|---|---|---|---|---|
r-devel-linux-x86_64-debian-clang | 0.2.0 | 28.99 | 285.83 | 314.82 | NOTE | |
r-devel-linux-x86_64-debian-gcc | 0.2.0 | 22.90 | 200.52 | 223.42 | NOTE | |
r-devel-linux-x86_64-fedora-clang | 0.2.0 | 380.08 | NOTE | |||
r-devel-linux-x86_64-fedora-gcc | 0.2.0 | 359.56 | NOTE | |||
r-prerel-macos-arm64 | 0.2.0 | 79.00 | NOTE | |||
r-prerel-windows-x86_64 | 0.2.0 | 22.00 | 167.00 | 189.00 | NOTE | |
r-patched-linux-x86_64 | 0.2.0 | 34.79 | 273.58 | 308.37 | NOTE | |
r-release-linux-x86_64 | 0.2.0 | 25.41 | 266.77 | 292.18 | NOTE | |
r-release-macos-arm64 | 0.2.0 | 87.00 | NOTE | |||
r-release-macos-x86_64 | 0.2.0 | 149.00 | NOTE | |||
r-release-windows-x86_64 | 0.2.0 | 33.00 | 221.00 | 254.00 | NOTE | |
r-oldrel-macos-arm64 | 0.2.0 | 64.00 | NOTE | |||
r-oldrel-windows-x86_64 | 0.2.0 | 33.00 | 209.00 | 242.00 | NOTE |
Version: 0.2.0
Check: LazyData
Result: NOTE
'LazyData' is specified without a 'data' directory
Flavors: r-devel-linux-x86_64-debian-clang, r-devel-linux-x86_64-debian-gcc, r-devel-linux-x86_64-fedora-clang, r-devel-linux-x86_64-fedora-gcc, r-prerel-macos-arm64, r-prerel-windows-x86_64, r-patched-linux-x86_64, r-release-linux-x86_64, r-release-macos-arm64, r-release-macos-x86_64, r-release-windows-x86_64, r-oldrel-macos-arm64, r-oldrel-windows-x86_64