Last updated on 2024-03-28 23:55:04 CET.
Flavor | Version | Tinstall | Tcheck | Ttotal | Status | Flags |
---|---|---|---|---|---|---|
r-devel-linux-x86_64-debian-clang | 5.2.1 | 9.39 | 50.73 | 60.12 | NOTE | |
r-devel-linux-x86_64-debian-gcc | 5.2.1 | 7.14 | 38.74 | 45.88 | NOTE | |
r-devel-linux-x86_64-fedora-clang | 5.2.1 | 78.70 | NOTE | |||
r-devel-linux-x86_64-fedora-gcc | 5.2.1 | 91.03 | NOTE | |||
r-devel-windows-x86_64 | 5.2.1 | 61.00 | 173.00 | 234.00 | NOTE | |
r-patched-linux-x86_64 | 5.2.1 | 9.10 | 50.04 | 59.14 | NOTE | |
r-release-linux-x86_64 | 5.2.1 | 9.08 | 47.62 | 56.70 | NOTE | |
r-release-macos-arm64 | 5.2.1 | 188.00 | NOTE | |||
r-release-macos-x86_64 | 5.2.1 | 204.00 | NOTE | |||
r-release-windows-x86_64 | 5.2.1 | 60.00 | 191.00 | 251.00 | NOTE | |
r-oldrel-macos-arm64 | 5.2.1 | 154.00 | NOTE | |||
r-oldrel-windows-x86_64 | 5.2.1 | 54.00 | 167.00 | 221.00 | NOTE |
Version: 5.2.1
Check: compiled code
Result: NOTE
File ‘curl/libs/curl.so’:
Found non-API call to R: ‘R_new_custom_connection’
Compiled code should not call non-API entry points in R.
See ‘Writing portable packages’ in the ‘Writing R Extensions’ manual.
Flavors: r-devel-linux-x86_64-debian-clang, r-devel-linux-x86_64-debian-gcc, r-devel-linux-x86_64-fedora-clang, r-devel-linux-x86_64-fedora-gcc, r-patched-linux-x86_64, r-release-linux-x86_64, r-release-macos-arm64, r-release-macos-x86_64, r-oldrel-macos-arm64
Version: 5.2.1
Check: installed package size
Result: NOTE
installed size is 7.9Mb
sub-directories of 1Mb or more:
doc 1.8Mb
libs 5.8Mb
Flavors: r-devel-windows-x86_64, r-release-windows-x86_64, r-oldrel-windows-x86_64
Version: 5.2.1
Check: compiled code
Result: NOTE
File 'curl/libs/x64/curl.dll':
Found non-API call to R: 'R_new_custom_connection'
Compiled code should not call non-API entry points in R.
See 'Writing portable packages' in the 'Writing R Extensions' manual.
Flavors: r-devel-windows-x86_64, r-release-windows-x86_64, r-oldrel-windows-x86_64