Last updated on 2024-03-27 23:59:41 CET.
Flavor | Version | Tinstall | Tcheck | Ttotal | Status | Flags |
---|---|---|---|---|---|---|
r-devel-linux-x86_64-debian-clang | 0.1.0 | 3.88 | 43.14 | 47.02 | OK | |
r-devel-linux-x86_64-debian-gcc | 0.1.0 | 2.80 | 32.69 | 35.49 | OK | |
r-devel-linux-x86_64-fedora-clang | 0.1.0 | 58.77 | NOTE | |||
r-devel-linux-x86_64-fedora-gcc | 0.1.0 | 70.05 | NOTE | |||
r-devel-windows-x86_64 | 0.1.0 | 4.00 | 66.00 | 70.00 | OK | |
r-patched-linux-x86_64 | 0.1.0 | 4.04 | 40.37 | 44.41 | OK | |
r-release-linux-x86_64 | 0.1.0 | 3.72 | 39.66 | 43.38 | OK | |
r-release-macos-arm64 | 0.1.0 | 29.00 | OK | |||
r-release-macos-x86_64 | 0.1.0 | 41.00 | OK | |||
r-release-windows-x86_64 | 0.1.0 | 5.00 | 68.00 | 73.00 | OK | |
r-oldrel-macos-arm64 | 0.1.0 | 26.00 | OK | |||
r-oldrel-windows-x86_64 | 0.1.0 | 5.00 | 61.00 | 66.00 | OK |
Version: 0.1.0
Check: data for non-ASCII characters
Result: NOTE
Note: found 459 marked UTF-8 strings
Flavors: r-devel-linux-x86_64-fedora-clang, r-devel-linux-x86_64-fedora-gcc