CRAN Package Check Results for Package curveDepth

Last updated on 2023-09-26 17:09:15 CEST.

Flavor Version Tinstall Tcheck Ttotal Status Flags
r-devel-linux-x86_64-debian-clang 0.1.0.9 65.34 34.94 100.28 NOTE
r-devel-linux-x86_64-debian-gcc 0.1.0.9 45.80 27.22 73.02 NOTE
r-devel-linux-x86_64-fedora-clang 0.1.0.9 141.74 NOTE
r-devel-linux-x86_64-fedora-gcc 0.1.0.9 144.32 NOTE
r-devel-windows-x86_64 0.1.0.9 48.00 68.00 116.00 NOTE
r-patched-linux-x86_64 0.1.0.9 67.65 34.05 101.70 NOTE
r-release-linux-x86_64 0.1.0.9 66.04 33.87 99.91 NOTE
r-release-macos-arm64 0.1.0.9 37.00 NOTE
r-release-macos-x86_64 0.1.0.9 59.00 NOTE
r-release-windows-x86_64 0.1.0.9 61.00 74.00 135.00 NOTE
r-oldrel-macos-arm64 0.1.0.9 37.00 OK
r-oldrel-macos-x86_64 0.1.0.9 46.00 OK
r-oldrel-windows-x86_64 0.1.0.9 60.00 75.00 135.00 OK

Check Details

Version: 0.1.0.9
Check: C++ specification
Result: NOTE
     Specified C++11: please drop specification unless essential
Flavors: r-devel-linux-x86_64-debian-clang, r-devel-linux-x86_64-debian-gcc, r-devel-linux-x86_64-fedora-clang, r-devel-linux-x86_64-fedora-gcc, r-devel-windows-x86_64, r-patched-linux-x86_64, r-release-linux-x86_64, r-release-macos-arm64, r-release-macos-x86_64, r-release-windows-x86_64