Last updated on 2024-04-20 08:50:49 CEST.
Flavor | Version | Tinstall | Tcheck | Ttotal | Status | Flags |
---|---|---|---|---|---|---|
r-devel-linux-x86_64-debian-clang | 0.1.0.9 | 62.02 | 35.06 | 97.08 | NOTE | |
r-devel-linux-x86_64-debian-gcc | 0.1.0.9 | 49.50 | 26.87 | 76.37 | NOTE | |
r-devel-linux-x86_64-fedora-clang | 0.1.0.9 | 143.67 | NOTE | |||
r-devel-linux-x86_64-fedora-gcc | 0.1.0.9 | 138.25 | NOTE | |||
r-prerel-macos-arm64 | 0.1.0.9 | 32.00 | NOTE | |||
r-prerel-windows-x86_64 | 0.1.0.9 | 49.00 | 68.00 | 117.00 | NOTE | |
r-patched-linux-x86_64 | 0.1.0.9 | 62.23 | 34.06 | 96.29 | NOTE | |
r-release-linux-x86_64 | 0.1.0.9 | 66.68 | 33.79 | 100.47 | NOTE | |
r-release-macos-arm64 | 0.1.0.9 | 37.00 | NOTE | |||
r-release-macos-x86_64 | 0.1.0.9 | 59.00 | NOTE | |||
r-release-windows-x86_64 | 0.1.0.9 | 61.00 | 77.00 | 138.00 | NOTE | |
r-oldrel-macos-arm64 | 0.1.0.9 | 37.00 | OK | |||
r-oldrel-windows-x86_64 | 0.1.0.9 | 62.00 | 83.00 | 145.00 | OK |
Version: 0.1.0.9
Check: C++ specification
Result: NOTE
Specified C++11: please drop specification unless essential
Flavors: r-devel-linux-x86_64-debian-clang, r-devel-linux-x86_64-debian-gcc, r-devel-linux-x86_64-fedora-clang, r-devel-linux-x86_64-fedora-gcc, r-prerel-macos-arm64, r-prerel-windows-x86_64, r-patched-linux-x86_64, r-release-linux-x86_64, r-release-macos-arm64, r-release-macos-x86_64, r-release-windows-x86_64