CRAN Package Check Results for Package customsteps

Last updated on 2021-10-25 04:54:06 CEST.

Flavor Version Tinstall Tcheck Ttotal Status Flags
r-devel-linux-x86_64-debian-clang 0.7.1.0 13.25 113.30 126.55 NOTE
r-devel-linux-x86_64-debian-gcc 0.7.1.0 9.62 85.09 94.71 NOTE
r-devel-linux-x86_64-fedora-clang 0.7.1.0 158.67 NOTE
r-devel-linux-x86_64-fedora-gcc 0.7.1.0 149.42 NOTE
r-devel-windows-x86_64 0.7.1.0 18.00 158.00 176.00 NOTE
r-devel-windows-x86_64-gcc10-UCRT 0.7.1.0 NOTE
r-patched-linux-x86_64 0.7.1.0 17.27 106.62 123.89 NOTE
r-patched-solaris-x86 0.7.1.0 202.60 NOTE
r-release-linux-x86_64 0.7.1.0 10.53 106.97 117.50 NOTE
r-release-macos-arm64 0.7.1.0 NOTE
r-release-macos-x86_64 0.7.1.0 NOTE
r-release-windows-ix86+x86_64 0.7.1.0 21.00 136.00 157.00 NOTE
r-oldrel-macos-x86_64 0.7.1.0 NOTE
r-oldrel-windows-ix86+x86_64 0.7.1.0 29.00 139.00 168.00 NOTE

Check Details

Version: 0.7.1.0
Check: LazyData
Result: NOTE
     'LazyData' is specified without a 'data' directory
Flavors: r-devel-linux-x86_64-debian-clang, r-devel-linux-x86_64-debian-gcc, r-devel-linux-x86_64-fedora-clang, r-devel-linux-x86_64-fedora-gcc, r-devel-windows-x86_64, r-devel-windows-x86_64-gcc10-UCRT, r-patched-linux-x86_64, r-patched-solaris-x86, r-release-linux-x86_64, r-release-macos-arm64, r-release-macos-x86_64, r-release-windows-ix86+x86_64

Version: 0.7.1.0
Check: package vignettes
Result: NOTE
    Package vignette with placeholder title 'Vignette Title':
     'customsteps.Rmd'
Flavors: r-devel-linux-x86_64-debian-clang, r-devel-linux-x86_64-debian-gcc, r-devel-windows-x86_64, r-patched-linux-x86_64, r-release-linux-x86_64, r-release-windows-ix86+x86_64, r-oldrel-windows-ix86+x86_64

Version: 0.7.1.0
Check: dependencies in R code
Result: NOTE
    Namespaces in Imports field not imported from:
     ‘rlang’ ‘tidyselect’
     All declared Imports should be used.
Flavors: r-devel-linux-x86_64-fedora-clang, r-devel-linux-x86_64-fedora-gcc, r-devel-windows-x86_64-gcc10-UCRT, r-patched-solaris-x86, r-release-macos-arm64, r-release-macos-x86_64, r-oldrel-macos-x86_64