Last updated on 2024-03-27 23:59:41 CET.
Flavor | Version | Tinstall | Tcheck | Ttotal | Status | Flags |
---|---|---|---|---|---|---|
r-devel-linux-x86_64-debian-clang | 1.1.2 | 61.87 | 356.79 | 418.66 | NOTE | |
r-devel-linux-x86_64-debian-gcc | 1.1.2 | 43.42 | 266.12 | 309.54 | NOTE | |
r-devel-linux-x86_64-fedora-clang | 1.1.2 | 519.00 | NOTE | |||
r-devel-linux-x86_64-fedora-gcc | 1.1.2 | 520.74 | NOTE | |||
r-devel-windows-x86_64 | 1.1.2 | 48.00 | 334.00 | 382.00 | NOTE | |
r-patched-linux-x86_64 | 1.1.2 | 58.67 | 339.20 | 397.87 | NOTE | |
r-release-linux-x86_64 | 1.1.2 | 52.91 | 345.25 | 398.16 | NOTE | |
r-release-macos-arm64 | 1.1.2 | 176.00 | NOTE | |||
r-release-macos-x86_64 | 1.1.2 | 317.00 | NOTE | |||
r-release-windows-x86_64 | 1.1.2 | 63.00 | 441.00 | 504.00 | NOTE | |
r-oldrel-macos-arm64 | 1.1.2 | 181.00 | OK | |||
r-oldrel-windows-x86_64 | 1.1.2 | 59.00 | 438.00 | 497.00 | OK |
Version: 1.1.2
Check: package subdirectories
Result: NOTE
Problems with news in ‘NEWS.md’:
Cannot extract version info from the following section titles:
Misc
Flavors: r-devel-linux-x86_64-debian-clang, r-devel-linux-x86_64-debian-gcc, r-devel-linux-x86_64-fedora-clang, r-devel-linux-x86_64-fedora-gcc, r-devel-windows-x86_64, r-patched-linux-x86_64, r-release-linux-x86_64, r-release-macos-arm64, r-release-macos-x86_64, r-release-windows-x86_64
Version: 1.1.2
Check: Rd files
Result: NOTE
checkRd: (-1) abs_d_ppv_npv.Rd:27: Escaped LaTeX specials: \_ \_ \_
Flavors: r-devel-linux-x86_64-debian-clang, r-devel-linux-x86_64-debian-gcc, r-devel-linux-x86_64-fedora-clang, r-devel-linux-x86_64-fedora-gcc, r-devel-windows-x86_64, r-patched-linux-x86_64, r-release-linux-x86_64, r-release-macos-arm64, r-release-macos-x86_64, r-release-windows-x86_64