Last updated on 2023-06-05 16:54:52 CEST.
Flavor | Version | Tinstall | Tcheck | Ttotal | Status | Flags |
---|---|---|---|---|---|---|
r-devel-linux-x86_64-debian-clang | 1.0.0 | 9.68 | 204.20 | 213.88 | OK | |
r-devel-linux-x86_64-debian-gcc | 1.0.0 | 6.99 | 157.32 | 164.31 | OK | |
r-devel-linux-x86_64-fedora-clang | 1.0.0 | 261.77 | OK | |||
r-devel-linux-x86_64-fedora-gcc | 1.0.0 | 261.03 | OK | |||
r-devel-windows-x86_64 | 1.0.0 | 9.00 | 205.00 | 214.00 | OK | |
r-patched-linux-x86_64 | 1.0.0 | 9.44 | 194.46 | 203.90 | OK | |
r-release-linux-x86_64 | 1.0.0 | 6.50 | 192.57 | 199.07 | OK | |
r-release-macos-arm64 | 1.0.0 | 93.00 | OK | |||
r-release-macos-x86_64 | 1.0.0 | 130.00 | NOTE | |||
r-release-windows-x86_64 | 1.0.0 | 12.00 | 222.00 | 234.00 | OK | |
r-oldrel-macos-arm64 | 1.0.0 | 75.00 | OK | |||
r-oldrel-macos-x86_64 | 1.0.0 | 111.00 | OK | |||
r-oldrel-windows-x86_64 | 1.0.0 | 13.00 | 208.00 | 221.00 | OK |
Version: 1.0.0
Check: package dependencies
Result: NOTE
Package suggested but not available for checking: ‘hydroPSO’
Flavor: r-release-macos-x86_64