CRAN Package Check Results for Package cytofan

Last updated on 2023-09-29 00:56:45 CEST.

Flavor Version Tinstall Tcheck Ttotal Status Flags
r-devel-linux-x86_64-debian-clang 0.1.0 5.21 82.59 87.80 NOTE
r-devel-linux-x86_64-debian-gcc 0.1.0 3.82 61.14 64.96 NOTE
r-devel-linux-x86_64-fedora-clang 0.1.0 105.17 NOTE
r-devel-linux-x86_64-fedora-gcc 0.1.0 120.48 NOTE
r-devel-windows-x86_64 0.1.0 6.00 77.00 83.00 NOTE
r-patched-linux-x86_64 0.1.0 9.47 77.39 86.86 NOTE
r-release-linux-x86_64 0.1.0 5.24 79.06 84.30 NOTE
r-release-macos-arm64 0.1.0 40.00 NOTE
r-release-macos-x86_64 0.1.0 68.00 NOTE
r-release-windows-x86_64 0.1.0 10.00 90.00 100.00 NOTE
r-oldrel-macos-arm64 0.1.0 30.00 NOTE
r-oldrel-macos-x86_64 0.1.0 58.00 NOTE
r-oldrel-windows-x86_64 0.1.0 8.00 91.00 99.00 NOTE

Check Details

Version: 0.1.0
Check: LazyData
Result: NOTE
     'LazyData' is specified without a 'data' directory
Flavors: r-devel-linux-x86_64-debian-clang, r-devel-linux-x86_64-debian-gcc, r-devel-linux-x86_64-fedora-clang, r-devel-linux-x86_64-fedora-gcc, r-devel-windows-x86_64, r-patched-linux-x86_64, r-release-linux-x86_64, r-release-macos-arm64, r-release-macos-x86_64, r-release-windows-x86_64, r-oldrel-macos-arm64, r-oldrel-macos-x86_64, r-oldrel-windows-x86_64