CRAN Package Check Results for Package d3Tree

Last updated on 2021-09-25 04:57:32 CEST.

Flavor Version Tinstall Tcheck Ttotal Status Flags
r-devel-linux-x86_64-debian-clang 0.2.2 5.47 46.99 52.46 OK
r-devel-linux-x86_64-debian-gcc 0.2.2 3.70 34.81 38.51 OK
r-devel-linux-x86_64-fedora-clang 0.2.2 69.74 NOTE
r-devel-linux-x86_64-fedora-gcc 0.2.2 58.52 NOTE
r-devel-windows-x86_64 0.2.2 7.00 53.00 60.00 OK
r-devel-windows-x86_64-gcc10-UCRT 0.2.2 NOTE
r-patched-linux-x86_64 0.2.2 4.40 43.12 47.52 OK
r-patched-solaris-x86 0.2.2 91.00 NOTE
r-release-linux-x86_64 0.2.2 4.85 43.34 48.19 OK
r-release-macos-arm64 0.2.2 NOTE
r-release-macos-x86_64 0.2.2 NOTE
r-release-windows-ix86+x86_64 0.2.2 13.00 51.00 64.00 OK
r-oldrel-macos-x86_64 0.2.2 NOTE
r-oldrel-windows-ix86+x86_64 0.2.2 13.00 52.00 65.00 OK

Check Details

Version: 0.2.2
Check: dependencies in R code
Result: NOTE
    Namespace in Imports field not imported from: ‘magrittr’
     All declared Imports should be used.
Flavors: r-devel-linux-x86_64-fedora-clang, r-devel-linux-x86_64-fedora-gcc, r-devel-windows-x86_64-gcc10-UCRT, r-patched-solaris-x86, r-release-macos-arm64, r-release-macos-x86_64, r-oldrel-macos-x86_64