Last updated on 2024-05-04 08:51:14 CEST.
Flavor | Version | Tinstall | Tcheck | Ttotal | Status | Flags |
---|---|---|---|---|---|---|
r-devel-linux-x86_64-debian-clang | 1.0 | 0.81 | 1.97 | 2.78 | ERROR | |
r-devel-linux-x86_64-debian-gcc | 1.0 | 24.52 | 199.63 | 224.15 | OK | |
r-devel-linux-x86_64-fedora-clang | 1.0 | 403.08 | OK | |||
r-devel-linux-x86_64-fedora-gcc | 1.0 | 355.30 | OK | |||
r-devel-windows-x86_64 | 1.0 | 24.00 | 183.00 | 207.00 | OK | |
r-patched-linux-x86_64 | 1.0 | 17.11 | 260.24 | 277.35 | OK | |
r-release-linux-x86_64 | 1.0 | 18.75 | 258.01 | 276.76 | OK | |
r-release-macos-arm64 | 1.0 | 94.00 | OK | |||
r-release-macos-x86_64 | 1.0 | 237.00 | OK | |||
r-release-windows-x86_64 | 1.0 | 22.00 | 179.00 | 201.00 | OK | |
r-oldrel-macos-arm64 | 1.0 | 102.00 | OK | |||
r-oldrel-macos-x86_64 | 1.0 | 270.00 | OK | |||
r-oldrel-windows-x86_64 | 1.0 | 23.00 | 245.00 | 268.00 | OK |
Version: 1.0
Check: package dependencies
Result: ERROR
Package required but not available: ‘sva’
See section ‘The DESCRIPTION file’ in the ‘Writing R Extensions’
manual.
Flavor: r-devel-linux-x86_64-debian-clang