CRAN Package Check Results for Package dTBM

Last updated on 2024-02-21 00:54:26 CET.

Flavor Version Tinstall Tcheck Ttotal Status Flags
r-devel-linux-x86_64-debian-clang 3.0 NOTE
r-devel-linux-x86_64-debian-gcc 3.0 10.37 66.68 77.05 NOTE
r-devel-linux-x86_64-fedora-clang 3.0 121.81 NOTE
r-devel-linux-x86_64-fedora-gcc 3.0 120.07 NOTE
r-devel-windows-x86_64 3.0 12.00 83.00 95.00 OK
r-patched-linux-x86_64 3.0 10.57 84.55 95.12 OK
r-release-linux-x86_64 3.0 14.09 85.11 99.20 OK
r-release-macos-arm64 3.0 46.00 OK
r-release-macos-x86_64 3.0 103.00 OK
r-release-windows-x86_64 3.0 15.00 96.00 111.00 OK
r-oldrel-macos-arm64 3.0 53.00 OK
r-oldrel-windows-x86_64 3.0 15.00 99.00 114.00 OK

Check Details

Version: 3.0
Check: Rd files
Result: NOTE checkRd: (-1) angle_iteration.Rd:23: Lost braces; missing escapes or markup? 23 | \code{z} {a list of vectors recording the estimated clustering assignment} | ^ checkRd: (-1) angle_iteration.Rd:25: Lost braces; missing escapes or markup? 25 | \code{s_deg} {logic variable, if "TRUE", degenerate estimated core tensor/matrix occurs during the iteration; if "FALSE", otherwise} | ^ checkRd: (-1) dtbm.Rd:23: Lost braces 23 | \code{z} {a list of vectors recording the refined clustering assignment with initialization \code{z0}} | ^ checkRd: (-1) dtbm.Rd:25: Lost braces; missing escapes or markup? 25 | \code{s_deg} {logic variable, if "TRUE", degenerate estimated core tensor/matrix occurs during the iteration; if "FALSE", otherwise} | ^ checkRd: (-1) dtbm.Rd:27: Lost braces; missing escapes or markup? 27 | \code{z0} { a list of vectors recording the initial clustering assignment } | ^ checkRd: (-1) dtbm.Rd:29: Lost braces; missing escapes or markup? 29 | \code{s0} { a list of vectors recording the index of degenerate entities with random clustering assignment in initialization} | ^ checkRd: (-1) select_r.Rd:19: Lost braces; missing escapes or markup? 19 | \code{r} {vector, the cluster number among the candidates with minimal BIC value} | ^ checkRd: (-1) select_r.Rd:21: Lost braces; missing escapes or markup? 21 | \code{bic} {vector, the BIC value for each candidiate} | ^ checkRd: (-1) sim_dTBM.Rd:56: Lost braces 56 | \code{Y} {array ( if \code{imat = FALSE} )/matrix ( if \code{imat = TRUE} ), simulated tensor/matrix observations with dimension \code{p} } | ^ checkRd: (-1) sim_dTBM.Rd:58: Lost braces 58 | \code{X} {array ( if \code{imat = FALSE} )/matrix ( if \code{imat = TRUE} ), mean tensor/matrix of the observation, i.e., the expectation of \code{Y}} | ^ checkRd: (-1) sim_dTBM.Rd:60: Lost braces 60 | \code{S} {array ( if \code{imat = FALSE} )/matrix ( if \code{imat = TRUE} ), core tensor/matrix recording the block effects with dimension \code{r}} | ^ checkRd: (-1) sim_dTBM.Rd:62: Lost braces; missing escapes or markup? 62 | \code{theta} {a list of vectors, degree heterogeneity on each mode} | ^ checkRd: (-1) sim_dTBM.Rd:64: Lost braces; missing escapes or markup? 64 | \code{z} {a list of vectors, clustering assignment on each mode} | ^ checkRd: (-1) wkmeans.Rd:19: Lost braces; missing escapes or markup? 19 | \code{z0} { a list of vectors recording the estimated clustering assignment } | ^ checkRd: (-1) wkmeans.Rd:21: Lost braces; missing escapes or markup? 21 | \code{s0} { a list of vectors recording the index of degenerate entities with random clustering assignment} | ^ Flavors: r-devel-linux-x86_64-debian-clang, r-devel-linux-x86_64-debian-gcc

Version: 3.0
Check: data for non-ASCII characters
Result: NOTE Note: found 281 marked UTF-8 strings Flavors: r-devel-linux-x86_64-fedora-clang, r-devel-linux-x86_64-fedora-gcc