CRAN Package Check Results for Package dabestr

Last updated on 2021-10-20 04:55:17 CEST.

Flavor Version Tinstall Tcheck Ttotal Status Flags
r-devel-linux-x86_64-debian-clang 0.3.0 34.38 224.81 259.19 OK
r-devel-linux-x86_64-debian-gcc 0.3.0 20.54 159.30 179.84 OK
r-devel-linux-x86_64-fedora-clang 0.3.0 277.56 NOTE
r-devel-linux-x86_64-fedora-gcc 0.3.0 269.19 NOTE
r-devel-windows-x86_64 0.3.0 14.00 269.00 283.00 OK
r-devel-windows-x86_64-gcc10-UCRT 0.3.0 NOTE
r-patched-linux-x86_64 0.3.0 33.55 212.69 246.24 OK
r-patched-solaris-x86 0.3.0 410.40 NOTE
r-release-linux-x86_64 0.3.0 23.21 211.10 234.31 OK
r-release-macos-arm64 0.3.0 NOTE
r-release-macos-x86_64 0.3.0 NOTE
r-release-windows-ix86+x86_64 0.3.0 20.00 261.00 281.00 OK
r-oldrel-macos-x86_64 0.3.0 NOTE
r-oldrel-windows-ix86+x86_64 0.3.0 19.00 261.00 280.00 OK

Check Details

Version: 0.3.0
Check: dependencies in R code
Result: NOTE
    Namespaces in Imports field not imported from:
     ‘plyr’ ‘simpleboot’
     All declared Imports should be used.
Flavors: r-devel-linux-x86_64-fedora-clang, r-devel-linux-x86_64-fedora-gcc, r-devel-windows-x86_64-gcc10-UCRT, r-patched-solaris-x86, r-release-macos-arm64, r-release-macos-x86_64, r-oldrel-macos-x86_64