CRAN Package Check Results for Package dadjokeapi

Last updated on 2021-12-06 04:50:33 CET.

Flavor Version Tinstall Tcheck Ttotal Status Flags
r-devel-linux-x86_64-debian-clang 1.0.2 3.76 49.48 53.24 NOTE
r-devel-linux-x86_64-debian-gcc 1.0.2 2.97 37.72 40.69 NOTE
r-devel-linux-x86_64-fedora-clang 1.0.2 65.99 NOTE
r-devel-linux-x86_64-fedora-gcc 1.0.2 52.80 NOTE
r-devel-windows-x86_64-new-UL 1.0.2 10.00 77.00 87.00 NOTE
r-devel-windows-x86_64-new-TK 1.0.2 NOTE
r-devel-windows-x86_64-old 1.0.2 8.00 45.00 53.00 NOTE
r-patched-linux-x86_64 1.0.2 3.01 38.76 41.77 NOTE
r-release-linux-x86_64 1.0.2 3.55 46.00 49.55 NOTE
r-release-macos-arm64 1.0.2 NOTE
r-release-macos-x86_64 1.0.2 NOTE
r-release-windows-ix86+x86_64 1.0.2 11.00 59.00 70.00 NOTE
r-oldrel-macos-x86_64 1.0.2 OK
r-oldrel-windows-ix86+x86_64 1.0.2 10.00 57.00 67.00 OK

Check Details

Version: 1.0.2
Check: LazyData
Result: NOTE
     'LazyData' is specified without a 'data' directory
Flavors: r-devel-linux-x86_64-debian-clang, r-devel-linux-x86_64-debian-gcc, r-devel-linux-x86_64-fedora-clang, r-devel-linux-x86_64-fedora-gcc, r-devel-windows-x86_64-new-UL, r-devel-windows-x86_64-new-TK, r-devel-windows-x86_64-old, r-patched-linux-x86_64, r-release-linux-x86_64, r-release-macos-arm64, r-release-macos-x86_64, r-release-windows-ix86+x86_64