CRAN Package Check Results for Package dafishr

Last updated on 2023-06-02 18:52:42 CEST.

Flavor Version Tinstall Tcheck Ttotal Status Flags
r-devel-linux-x86_64-debian-clang 1.0.0 7.26 71.93 79.19 OK
r-devel-linux-x86_64-debian-gcc 1.0.0 6.58 55.61 62.19 OK
r-devel-linux-x86_64-fedora-clang 1.0.0 99.20 NOTE
r-devel-linux-x86_64-fedora-gcc 1.0.0 106.41 NOTE
r-devel-windows-x86_64 1.0.0 11.00 76.00 87.00 OK
r-patched-linux-x86_64 1.0.0 OK
r-release-linux-x86_64 1.0.0 5.44 67.90 73.34 OK
r-release-macos-arm64 1.0.0 42.00 OK
r-release-macos-x86_64 1.0.0 63.00 OK
r-release-windows-x86_64 1.0.0 11.00 86.00 97.00 OK
r-oldrel-macos-arm64 1.0.0 42.00 NOTE
r-oldrel-macos-x86_64 1.0.0 51.00 NOTE
r-oldrel-windows-x86_64 1.0.0 11.00 91.00 102.00 OK

Check Details

Version: 1.0.0
Check: data for non-ASCII characters
Result: NOTE
     Note: found 2020 marked UTF-8 strings
Flavors: r-devel-linux-x86_64-fedora-clang, r-devel-linux-x86_64-fedora-gcc, r-oldrel-macos-arm64, r-oldrel-macos-x86_64