Last updated on 2024-03-27 23:59:41 CET.
Flavor | Version | Tinstall | Tcheck | Ttotal | Status | Flags |
---|---|---|---|---|---|---|
r-devel-linux-x86_64-debian-clang | 1.0.1 | 14.74 | 387.06 | 401.80 | NOTE | |
r-devel-linux-x86_64-debian-gcc | 1.0.1 | 12.76 | 282.07 | 294.83 | NOTE | |
r-devel-linux-x86_64-fedora-clang | 1.0.1 | 529.80 | NOTE | |||
r-devel-linux-x86_64-fedora-gcc | 1.0.1 | 522.93 | NOTE | |||
r-devel-windows-x86_64 | 1.0.1 | 14.00 | 256.00 | 270.00 | NOTE | |
r-patched-linux-x86_64 | 1.0.1 | 14.06 | 380.44 | 394.50 | OK | |
r-release-linux-x86_64 | 1.0.1 | 15.19 | 388.98 | 404.17 | OK | |
r-release-macos-arm64 | 1.0.1 | 147.00 | OK | |||
r-release-macos-x86_64 | 1.0.1 | 263.00 | OK | |||
r-release-windows-x86_64 | 1.0.1 | 18.00 | 327.00 | 345.00 | OK | |
r-oldrel-macos-arm64 | 1.0.1 | 129.00 | OK | |||
r-oldrel-windows-x86_64 | 1.0.1 | 20.00 | 342.00 | 362.00 | OK |
Version: 1.0.1
Check: Rd \usage sections
Result: NOTE
Documented arguments not in \usage in Rd file 'mm_run_reg.Rd':
‘all_params’
Functions with \usage entries need to have the appropriate \alias
entries, and all their arguments documented.
The \usage entries must correspond to syntactically valid R code.
See chapter ‘Writing R documentation files’ in the ‘Writing R
Extensions’ manual.
Flavors: r-devel-linux-x86_64-debian-clang, r-devel-linux-x86_64-debian-gcc, r-devel-linux-x86_64-fedora-clang, r-devel-linux-x86_64-fedora-gcc, r-devel-windows-x86_64