Last updated on 2024-03-28 23:55:04 CET.
Flavor | Version | Tinstall | Tcheck | Ttotal | Status | Flags |
---|---|---|---|---|---|---|
r-devel-linux-x86_64-debian-clang | 0.0.16 | 7.17 | 27.18 | 34.35 | OK | |
r-devel-linux-x86_64-debian-gcc | 0.0.16 | 4.66 | 20.61 | 25.27 | OK | |
r-devel-linux-x86_64-fedora-clang | 0.0.16 | 46.64 | OK | |||
r-devel-linux-x86_64-fedora-gcc | 0.0.16 | 43.06 | OK | |||
r-devel-windows-x86_64 | 0.0.16 | 9.00 | 58.00 | 67.00 | OK | |
r-patched-linux-x86_64 | 0.0.16 | 6.96 | 26.20 | 33.16 | OK | |
r-release-linux-x86_64 | 0.0.16 | 5.56 | 25.69 | 31.25 | OK | |
r-release-macos-arm64 | 0.0.16 | 24.00 | OK | |||
r-release-macos-x86_64 | 0.0.16 | 46.00 | OK | |||
r-release-windows-x86_64 | 0.0.16 | 11.00 | 67.00 | 78.00 | OK | |
r-oldrel-macos-arm64 | 0.0.16 | 22.00 | WARN | |||
r-oldrel-windows-x86_64 | 0.0.16 | 9.00 | 62.00 | 71.00 | WARN |
Version: 0.0.16
Check: S3 generic/method consistency
Result: WARN
str:
function(object, ...)
str.language:
function(expr, name, indent)
See section ‘Generic functions and methods’ in the ‘Writing R
Extensions’ manual.
Found the following apparent S3 methods exported but not registered:
str.language
See section ‘Registering S3 methods’ in the ‘Writing R Extensions’
manual.
Flavors: r-oldrel-macos-arm64, r-oldrel-windows-x86_64