Last updated on 2024-03-28 23:55:04 CET.
Flavor | Version | Tinstall | Tcheck | Ttotal | Status | Flags |
---|---|---|---|---|---|---|
r-devel-linux-x86_64-debian-clang | 2.9.7 | 88.83 | 768.63 | 857.46 | NOTE | |
r-devel-linux-x86_64-debian-gcc | 2.9.7 | 80.83 | 559.72 | 640.55 | NOTE | |
r-devel-linux-x86_64-fedora-clang | 2.9.7 | 1163.26 | NOTE | |||
r-devel-linux-x86_64-fedora-gcc | 2.9.7 | 1099.17 | NOTE | |||
r-devel-windows-x86_64 | 2.9.7 | 74.00 | 582.00 | 656.00 | NOTE | |
r-patched-linux-x86_64 | 2.9.7 | 88.67 | 742.96 | 831.63 | NOTE | |
r-release-linux-x86_64 | 2.9.7 | 87.79 | 757.73 | 845.52 | NOTE | |
r-release-macos-arm64 | 2.9.7 | 250.00 | NOTE | |||
r-release-macos-x86_64 | 2.9.7 | 569.00 | OK | |||
r-release-windows-x86_64 | 2.9.7 | 99.00 | 780.00 | 879.00 | OK | |
r-oldrel-macos-arm64 | 2.9.7 | 250.00 | OK | |||
r-oldrel-windows-x86_64 | 2.9.7 | 103.00 | 720.00 | 823.00 | OK |
Version: 2.9.7
Check: Rd files
Result: NOTE
checkRd: (-1) gl.filter.maf.Rd:7: Lost braces; missing escapes or markup?
7 | {adegenet} object}
| ^
checkRd: (-1) gl.pcoa.Rd:68: Lost braces; missing escapes or markup?
68 | The function is essentially a wrapper for glPca {adegenet} or pcoa \{ape\}
| ^
checkRd: (-1) gl.play.history.Rd:17: Lost braces
17 | code{x2@other$history[c(1,4,5)]}). [optional].}
| ^
checkRd: (-1) utils.jackknife.Rd:49: Lost braces
49 | bold{Note} that when n is very small, jackknife resampling is not recommended.
| ^
checkRd: (-1) utils.jackknife.Rd:51: Lost braces
51 | Parallel computation is implemented. The argument code{n.cores} indicates the
| ^
Flavors: r-devel-linux-x86_64-debian-clang, r-devel-linux-x86_64-debian-gcc, r-devel-linux-x86_64-fedora-clang, r-devel-linux-x86_64-fedora-gcc, r-devel-windows-x86_64, r-patched-linux-x86_64
Version: 2.9.7
Check: package dependencies
Result: NOTE
Package suggested but not available for checking: ‘ggtern’
Flavor: r-release-linux-x86_64
Version: 2.9.7
Check: package dependencies
Result: NOTE
Package suggested but not available for checking: ‘snpStats’
Flavor: r-release-macos-arm64
Version: 2.9.7
Check: Rd cross-references
Result: NOTE
Package unavailable to check Rd xrefs: ‘snpStats’
Flavor: r-release-macos-arm64