Last updated on 2023-06-02 18:52:42 CEST.
Flavor | Version | Tinstall | Tcheck | Ttotal | Status | Flags |
---|---|---|---|---|---|---|
r-devel-linux-x86_64-debian-clang | 1.10.0 | 2.69 | 29.73 | 32.42 | NOTE | |
r-devel-linux-x86_64-debian-gcc | 1.10.0 | 2.75 | 23.63 | 26.38 | NOTE | |
r-devel-linux-x86_64-fedora-clang | 1.10.0 | 43.91 | NOTE | |||
r-devel-linux-x86_64-fedora-gcc | 1.10.0 | 53.24 | NOTE | |||
r-devel-windows-x86_64 | 1.10.0 | 6.00 | 51.00 | 57.00 | NOTE | |
r-patched-linux-x86_64 | 1.10.0 | NOTE | ||||
r-release-linux-x86_64 | 1.10.0 | 2.97 | 29.66 | 32.63 | NOTE | |
r-release-macos-arm64 | 1.10.0 | 23.00 | NOTE | |||
r-release-macos-x86_64 | 1.10.0 | 37.00 | NOTE | |||
r-release-windows-x86_64 | 1.10.0 | 5.00 | 52.00 | 57.00 | NOTE | |
r-oldrel-macos-arm64 | 1.10.0 | 20.00 | NOTE | |||
r-oldrel-macos-x86_64 | 1.10.0 | 26.00 | NOTE | |||
r-oldrel-windows-x86_64 | 1.10.0 | 7.00 | 54.00 | 61.00 | NOTE |
Version: 1.10.0
Check: package dependencies
Result: NOTE
Package suggested but not available for checking: ‘dash’
Flavors: r-devel-linux-x86_64-debian-clang, r-devel-linux-x86_64-debian-gcc, r-devel-linux-x86_64-fedora-clang, r-devel-linux-x86_64-fedora-gcc, r-devel-windows-x86_64, r-patched-linux-x86_64, r-release-linux-x86_64, r-release-macos-arm64, r-release-macos-x86_64
Version: 1.10.0
Check: LazyData
Result: NOTE
'LazyData' is specified without a 'data' directory
Flavors: r-devel-linux-x86_64-debian-clang, r-devel-linux-x86_64-debian-gcc, r-devel-linux-x86_64-fedora-clang, r-devel-linux-x86_64-fedora-gcc, r-devel-windows-x86_64, r-patched-linux-x86_64, r-release-linux-x86_64, r-release-macos-arm64, r-release-macos-x86_64, r-release-windows-x86_64, r-oldrel-macos-arm64, r-oldrel-macos-x86_64, r-oldrel-windows-x86_64
Version: 1.10.0
Check: installed package size
Result: NOTE
installed size is 11.0Mb
sub-directories of 1Mb or more:
deps 10.6Mb
Flavors: r-devel-linux-x86_64-fedora-clang, r-devel-windows-x86_64, r-release-macos-arm64, r-release-macos-x86_64, r-release-windows-x86_64, r-oldrel-macos-arm64, r-oldrel-macos-x86_64, r-oldrel-windows-x86_64