Last updated on 2024-04-20 08:50:49 CEST.
Flavor | Version | Tinstall | Tcheck | Ttotal | Status | Flags |
---|---|---|---|---|---|---|
r-devel-linux-x86_64-debian-clang | 0.2.1 | 5.57 | 55.96 | 61.53 | OK | |
r-devel-linux-x86_64-debian-gcc | 0.2.1 | 5.41 | 42.06 | 47.47 | OK | |
r-devel-linux-x86_64-fedora-clang | 0.2.1 | 84.48 | NOTE | |||
r-devel-linux-x86_64-fedora-gcc | 0.2.1 | 79.50 | OK | |||
r-prerel-macos-arm64 | 0.2.1 | 26.00 | OK | |||
r-prerel-windows-x86_64 | 0.2.1 | 8.00 | 63.00 | 71.00 | OK | |
r-patched-linux-x86_64 | 0.2.1 | 7.13 | 54.43 | 61.56 | OK | |
r-release-linux-x86_64 | 0.2.1 | 4.35 | 53.61 | 57.96 | OK | |
r-release-macos-arm64 | 0.2.1 | 35.00 | OK | |||
r-release-macos-x86_64 | 0.2.1 | 50.00 | OK | |||
r-release-windows-x86_64 | 0.2.1 | 9.00 | 71.00 | 80.00 | OK | |
r-oldrel-macos-arm64 | 0.2.1 | 33.00 | OK | |||
r-oldrel-windows-x86_64 | 0.2.1 | 10.00 | 77.00 | 87.00 | OK |
Version: 0.2.1
Check: Rd cross-references
Result: NOTE
Undeclared package ‘tidyselect’ in Rd xrefs
Flavor: r-devel-linux-x86_64-fedora-clang