CRAN Package Check Results for Package dataCompareR

Last updated on 2021-10-24 16:54:00 CEST.

Flavor Version Tinstall Tcheck Ttotal Status Flags
r-devel-linux-x86_64-debian-clang 0.1.3 6.81 86.22 93.03 NOTE
r-devel-linux-x86_64-debian-gcc 0.1.3 5.06 63.35 68.41 NOTE
r-devel-linux-x86_64-fedora-clang 0.1.3 124.70 NOTE
r-devel-linux-x86_64-fedora-gcc 0.1.3 107.55 NOTE
r-devel-windows-x86_64 0.1.3 11.00 115.00 126.00 NOTE
r-devel-windows-x86_64-gcc10-UCRT 0.1.3 NOTE
r-patched-linux-x86_64 0.1.3 7.10 80.09 87.19 NOTE
r-patched-solaris-x86 0.1.3 144.70 NOTE
r-release-linux-x86_64 0.1.3 6.17 81.06 87.23 NOTE
r-release-macos-arm64 0.1.3 NOTE
r-release-macos-x86_64 0.1.3 NOTE
r-release-windows-ix86+x86_64 0.1.3 12.00 114.00 126.00 NOTE
r-oldrel-macos-x86_64 0.1.3 OK
r-oldrel-windows-ix86+x86_64 0.1.3 17.00 112.00 129.00 OK

Check Details

Version: 0.1.3
Check: LazyData
Result: NOTE
     'LazyData' is specified without a 'data' directory
Flavors: r-devel-linux-x86_64-debian-clang, r-devel-linux-x86_64-debian-gcc, r-devel-linux-x86_64-fedora-clang, r-devel-linux-x86_64-fedora-gcc, r-devel-windows-x86_64, r-devel-windows-x86_64-gcc10-UCRT, r-patched-linux-x86_64, r-patched-solaris-x86, r-release-linux-x86_64, r-release-macos-arm64, r-release-macos-x86_64, r-release-windows-ix86+x86_64