Last updated on 2024-03-28 15:49:44 CET.
Flavor | Version | Tinstall | Tcheck | Ttotal | Status | Flags |
---|---|---|---|---|---|---|
r-devel-linux-x86_64-debian-clang | 1.1.1 | 11.20 | 128.76 | 139.96 | NOTE | |
r-devel-linux-x86_64-debian-gcc | 1.1.1 | 11.73 | 98.07 | 109.80 | NOTE | |
r-devel-linux-x86_64-fedora-clang | 1.1.1 | 177.42 | NOTE | |||
r-devel-linux-x86_64-fedora-gcc | 1.1.1 | 170.80 | NOTE | |||
r-devel-windows-x86_64 | 1.1.1 | 12.00 | 126.00 | 138.00 | NOTE | |
r-patched-linux-x86_64 | 1.1.1 | 18.97 | 128.90 | 147.87 | NOTE | |
r-release-linux-x86_64 | 1.1.1 | 13.44 | 133.28 | 146.72 | OK | |
r-release-macos-arm64 | 1.1.1 | 50.00 | OK | |||
r-release-macos-x86_64 | 1.1.1 | 134.00 | OK | |||
r-release-windows-x86_64 | 1.1.1 | 16.00 | 150.00 | 166.00 | OK | |
r-oldrel-macos-arm64 | 1.1.1 | 49.00 | OK | |||
r-oldrel-windows-x86_64 | 1.1.1 | 17.00 | 146.00 | 163.00 | OK |
Version: 1.1.1
Check: Rd files
Result: NOTE
checkRd: (-1) build_date_factor.Rd:15: Lost braces; missing escapes or markup?
15 | Map a vector of dates to a factor at one of these levels {"yearmonth", "yearquarter", "quarter", "month"}
| ^
checkRd: (-1) build_date_factor.Rd:12: Lost braces; missing escapes or markup?
12 | \item{type}{One of {"year", "yearquarter", "yearmonth", "quarter", "month"}}
| ^
Flavors: r-devel-linux-x86_64-debian-clang, r-devel-linux-x86_64-debian-gcc, r-devel-linux-x86_64-fedora-clang, r-devel-linux-x86_64-fedora-gcc, r-devel-windows-x86_64, r-patched-linux-x86_64