Last updated on 2024-04-19 01:04:28 CEST.
Flavor | Version | Tinstall | Tcheck | Ttotal | Status | Flags |
---|---|---|---|---|---|---|
r-devel-linux-x86_64-debian-clang | 1.0.0 | 4.53 | 51.83 | 56.36 | OK | |
r-devel-linux-x86_64-debian-gcc | 1.0.0 | 3.67 | 38.09 | 41.76 | OK | |
r-devel-linux-x86_64-fedora-clang | 1.0.0 | 70.20 | NOTE | |||
r-devel-linux-x86_64-fedora-gcc | 1.0.0 | 78.74 | NOTE | |||
r-prerel-macos-arm64 | 1.0.0 | 42.00 | ERROR | |||
r-prerel-windows-x86_64 | 1.0.0 | 6.00 | 76.00 | 82.00 | OK | |
r-patched-linux-x86_64 | 1.0.0 | 4.35 | 48.81 | 53.16 | OK | |
r-release-linux-x86_64 | 1.0.0 | 5.32 | 47.80 | 53.12 | OK | |
r-release-macos-arm64 | 1.0.0 | 42.00 | OK | |||
r-release-macos-x86_64 | 1.0.0 | 56.00 | OK | |||
r-release-windows-x86_64 | 1.0.0 | 7.00 | 80.00 | 87.00 | OK | |
r-oldrel-macos-arm64 | 1.0.0 | 39.00 | OK | |||
r-oldrel-windows-x86_64 | 1.0.0 | 7.00 | 83.00 | 90.00 | OK |
Version: 1.0.0
Check: dependencies in R code
Result: NOTE
Namespace in Imports field not imported from: ‘purrr’
All declared Imports should be used.
Flavors: r-devel-linux-x86_64-fedora-clang, r-devel-linux-x86_64-fedora-gcc
Version: 1.0.0
Check: examples
Result: ERROR
Running examples in ‘datagovsgR-Ex.R’ failed
The error most likely occurred in:
> ### Name: psi
> ### Title: PSI(PoullutantStandardIndex)
> ### Aliases: psi
> ### Keywords: PSI
>
> ### ** Examples
>
> psi()
Error in curl::curl_fetch_memory(url, handle = handle) :
Timeout was reached: [api.data.gov.sg] Resolving timed out after 10003 milliseconds
Calls: psi ... request_fetch -> request_fetch.write_memory -> <Anonymous>
Execution halted
Flavor: r-prerel-macos-arm64