Last updated on 2024-04-25 07:59:49 CEST.
Flavor | Version | Tinstall | Tcheck | Ttotal | Status | Flags |
---|---|---|---|---|---|---|
r-devel-linux-x86_64-debian-clang | 1.0.3 | 10.60 | 67.36 | 77.96 | OK | |
r-devel-linux-x86_64-debian-gcc | 1.0.3 | 7.93 | 50.33 | 58.26 | OK | |
r-devel-linux-x86_64-fedora-clang | 1.0.3 | 98.17 | NOTE | |||
r-devel-linux-x86_64-fedora-gcc | 1.0.3 | 93.25 | NOTE | |||
r-devel-windows-x86_64 | 1.0.3 | 13.00 | 100.00 | 113.00 | OK | |
r-patched-linux-x86_64 | 1.0.3 | 10.84 | 64.13 | 74.97 | OK | |
r-release-linux-x86_64 | 1.0.3 | 13.11 | 64.98 | 78.09 | OK | |
r-release-macos-arm64 | 1.0.3 | 32.00 | NOTE | |||
r-release-windows-x86_64 | 1.0.3 | 14.00 | 99.00 | 113.00 | OK | |
r-oldrel-macos-arm64 | 1.0.3 | 32.00 | NOTE | |||
r-oldrel-macos-x86_64 | 1.0.3 | 66.00 | NOTE | |||
r-oldrel-windows-x86_64 | 1.0.3 | 18.00 | 115.00 | 133.00 | OK |
Version: 1.0.3
Check: dependencies in R code
Result: NOTE
Namespace in Imports field not imported from: ‘lattice’
All declared Imports should be used.
Flavors: r-devel-linux-x86_64-fedora-clang, r-devel-linux-x86_64-fedora-gcc
Version: 1.0.3
Check: data for non-ASCII characters
Result: NOTE
Note: found 72720 marked Latin-1 strings
Flavors: r-devel-linux-x86_64-fedora-clang, r-devel-linux-x86_64-fedora-gcc
Version: 1.0.3
Check: installed package size
Result: NOTE
installed size is 5.1Mb
sub-directories of 1Mb or more:
data 4.7Mb
Flavors: r-release-macos-arm64, r-oldrel-macos-arm64, r-oldrel-macos-x86_64