Last updated on 2024-03-27 23:59:41 CET.
Flavor | Version | Tinstall | Tcheck | Ttotal | Status | Flags |
---|---|---|---|---|---|---|
r-devel-linux-x86_64-debian-clang | 0.5.1 | 7.13 | 87.47 | 94.60 | OK | |
r-devel-linux-x86_64-debian-gcc | 0.5.1 | 4.88 | 69.22 | 74.10 | OK | |
r-devel-linux-x86_64-fedora-clang | 0.5.1 | 121.76 | NOTE | |||
r-devel-linux-x86_64-fedora-gcc | 0.5.1 | 117.76 | NOTE | |||
r-devel-windows-x86_64 | 0.5.1 | 8.00 | 94.00 | 102.00 | OK | |
r-patched-linux-x86_64 | 0.5.1 | 7.37 | 86.14 | 93.51 | OK | |
r-release-linux-x86_64 | 0.5.1 | 6.46 | 87.13 | 93.59 | OK | |
r-release-macos-arm64 | 0.5.1 | 47.00 | OK | |||
r-release-macos-x86_64 | 0.5.1 | 107.00 | OK | |||
r-release-windows-x86_64 | 0.5.1 | 9.00 | 105.00 | 114.00 | OK | |
r-oldrel-macos-arm64 | 0.5.1 | 52.00 | OK | |||
r-oldrel-windows-x86_64 | 0.5.1 | 10.00 | 128.00 | 138.00 | OK |
Version: 0.5.1
Check: data for non-ASCII characters
Result: NOTE
Note: found 54339 marked UTF-8 strings
Flavors: r-devel-linux-x86_64-fedora-clang, r-devel-linux-x86_64-fedora-gcc