Last updated on 2024-04-25 16:49:18 CEST.
Flavor | Version | Tinstall | Tcheck | Ttotal | Status | Flags |
---|---|---|---|---|---|---|
r-devel-linux-x86_64-debian-clang | 1.0.0 | 6.82 | 58.35 | 65.17 | OK | |
r-devel-linux-x86_64-debian-gcc | 1.0.0 | 4.27 | 43.26 | 47.53 | OK | |
r-devel-linux-x86_64-fedora-clang | 1.0.0 | 82.66 | NOTE | |||
r-devel-linux-x86_64-fedora-gcc | 1.0.0 | 77.92 | NOTE | |||
r-devel-windows-x86_64 | 1.0.0 | 7.00 | 67.00 | 74.00 | OK | |
r-patched-linux-x86_64 | 1.0.0 | 4.30 | 55.77 | 60.07 | OK | |
r-release-linux-x86_64 | 1.0.0 | 4.32 | 54.98 | 59.30 | OK | |
r-release-macos-arm64 | 1.0.0 | 28.00 | OK | |||
r-release-windows-x86_64 | 1.0.0 | 8.00 | 64.00 | 72.00 | OK | |
r-oldrel-macos-arm64 | 1.0.0 | 27.00 | OK | |||
r-oldrel-macos-x86_64 | 1.0.0 | 43.00 | OK | |||
r-oldrel-windows-x86_64 | 1.0.0 | 9.00 | 72.00 | 81.00 | OK |
Version: 1.0.0
Check: dependencies in R code
Result: NOTE
Namespaces in Imports field not imported from:
‘knitr’ ‘tidyverse’ ‘vctrs’
All declared Imports should be used.
Flavors: r-devel-linux-x86_64-fedora-clang, r-devel-linux-x86_64-fedora-gcc