CRAN Package Check Results for Package dbhydroR

Last updated on 2021-12-02 08:51:07 CET.

Flavor Version Tinstall Tcheck Ttotal Status Flags
r-devel-linux-x86_64-debian-clang 0.2-8 3.89 43.21 47.10 NOTE
r-devel-linux-x86_64-debian-gcc 0.2-8 2.82 34.22 37.04 NOTE
r-devel-linux-x86_64-fedora-clang 0.2-8 69.45 NOTE
r-devel-linux-x86_64-fedora-gcc 0.2-8 58.78 NOTE
r-devel-windows-x86_64-new-UL 0.2-8 10.00 87.00 97.00 NOTE
r-devel-windows-x86_64-new-TK 0.2-8 NOTE
r-devel-windows-x86_64-old 0.2-8 7.00 53.00 60.00 NOTE
r-patched-linux-x86_64 0.2-8 3.99 42.02 46.01 NOTE
r-patched-solaris-x86 0.2-8 87.30 NOTE
r-release-linux-x86_64 0.2-8 3.45 41.57 45.02 NOTE
r-release-macos-arm64 0.2-8 NOTE
r-release-macos-x86_64 0.2-8 NOTE
r-release-windows-ix86+x86_64 0.2-8 15.00 66.00 81.00 NOTE
r-oldrel-macos-x86_64 0.2-8 OK
r-oldrel-windows-ix86+x86_64 0.2-8 9.00 65.00 74.00 OK

Check Details

Version: 0.2-8
Check: LazyData
Result: NOTE
     'LazyData' is specified without a 'data' directory
Flavors: r-devel-linux-x86_64-debian-clang, r-devel-linux-x86_64-debian-gcc, r-devel-linux-x86_64-fedora-clang, r-devel-linux-x86_64-fedora-gcc, r-devel-windows-x86_64-new-UL, r-devel-windows-x86_64-new-TK, r-devel-windows-x86_64-old, r-patched-linux-x86_64, r-patched-solaris-x86, r-release-linux-x86_64, r-release-macos-arm64, r-release-macos-x86_64, r-release-windows-ix86+x86_64