Last updated on 2023-05-22 17:01:19 CEST.
Flavor | Version | Tinstall | Tcheck | Ttotal | Status | Flags |
---|---|---|---|---|---|---|
r-devel-linux-x86_64-debian-clang | 0.2-8 | 6.13 | 52.28 | 58.41 | NOTE | |
r-devel-linux-x86_64-debian-gcc | 0.2-8 | 4.28 | 40.76 | 45.04 | NOTE | |
r-devel-linux-x86_64-fedora-clang | 0.2-8 | 72.94 | NOTE | |||
r-devel-linux-x86_64-fedora-gcc | 0.2-8 | 81.67 | NOTE | |||
r-devel-windows-x86_64 | 0.2-8 | 6.00 | 60.00 | 66.00 | NOTE | |
r-patched-linux-x86_64 | 0.2-8 | 5.53 | 50.36 | 55.89 | NOTE | |
r-release-linux-x86_64 | 0.2-8 | 5.42 | 50.18 | 55.60 | NOTE | |
r-release-macos-arm64 | 0.2-8 | 32.00 | NOTE | |||
r-release-macos-x86_64 | 0.2-8 | 48.00 | NOTE | |||
r-release-windows-x86_64 | 0.2-8 | 7.00 | 65.00 | 72.00 | NOTE | |
r-oldrel-macos-arm64 | 0.2-8 | 23.00 | NOTE | |||
r-oldrel-macos-x86_64 | 0.2-8 | 32.00 | NOTE | |||
r-oldrel-windows-x86_64 | 0.2-8 | 7.00 | 67.00 | 74.00 | NOTE |
Version: 0.2-8
Check: LazyData
Result: NOTE
'LazyData' is specified without a 'data' directory
Flavors: r-devel-linux-x86_64-debian-clang, r-devel-linux-x86_64-debian-gcc, r-devel-linux-x86_64-fedora-clang, r-devel-linux-x86_64-fedora-gcc, r-devel-windows-x86_64, r-patched-linux-x86_64, r-release-linux-x86_64, r-release-macos-arm64, r-release-macos-x86_64, r-release-windows-x86_64, r-oldrel-macos-arm64, r-oldrel-macos-x86_64, r-oldrel-windows-x86_64