CRAN Package Check Results for Package dbx

Last updated on 2023-05-22 17:01:19 CEST.

Flavor Version Tinstall Tcheck Ttotal Status Flags
r-devel-linux-x86_64-debian-clang 0.2.8 2.02 30.02 32.04 NOTE
r-devel-linux-x86_64-debian-gcc 0.2.8 2.24 23.84 26.08 NOTE
r-devel-linux-x86_64-fedora-clang 0.2.8 41.67 NOTE
r-devel-linux-x86_64-fedora-gcc 0.2.8 39.63 NOTE
r-devel-windows-x86_64 0.2.8 4.00 45.00 49.00 NOTE
r-patched-linux-x86_64 0.2.8 2.43 29.06 31.49 NOTE
r-release-linux-x86_64 0.2.8 2.94 29.53 32.47 NOTE
r-release-macos-arm64 0.2.8 19.00 NOTE
r-release-macos-x86_64 0.2.8 28.00 NOTE
r-release-windows-x86_64 0.2.8 3.00 46.00 49.00 NOTE
r-oldrel-macos-arm64 0.2.8 20.00 NOTE
r-oldrel-macos-x86_64 0.2.8 29.00 NOTE
r-oldrel-windows-x86_64 0.2.8 5.00 46.00 51.00 NOTE

Check Details

Version: 0.2.8
Check: LazyData
Result: NOTE
     'LazyData' is specified without a 'data' directory
Flavors: r-devel-linux-x86_64-debian-clang, r-devel-linux-x86_64-debian-gcc, r-devel-linux-x86_64-fedora-clang, r-devel-linux-x86_64-fedora-gcc, r-devel-windows-x86_64, r-patched-linux-x86_64, r-release-linux-x86_64, r-release-macos-arm64, r-release-macos-x86_64, r-release-windows-x86_64, r-oldrel-macos-arm64, r-oldrel-macos-x86_64, r-oldrel-windows-x86_64