CRAN Package Check Results for Package dccvalidator

Last updated on 2021-09-26 00:48:37 CEST.

Flavor Version Tinstall Tcheck Ttotal Status Flags
r-devel-linux-x86_64-debian-clang 0.3.0 11.31 128.10 139.41 NOTE
r-devel-linux-x86_64-debian-gcc 0.3.0 10.21 99.68 109.89 NOTE
r-devel-linux-x86_64-fedora-clang 0.3.0 177.43 NOTE
r-devel-linux-x86_64-fedora-gcc 0.3.0 168.34 NOTE
r-devel-windows-x86_64 0.3.0 15.00 140.00 155.00 NOTE
r-devel-windows-x86_64-gcc10-UCRT 0.3.0 NOTE
r-patched-linux-x86_64 0.3.0 12.92 124.80 137.72 NOTE
r-patched-solaris-x86 0.3.0 239.70 NOTE
r-release-linux-x86_64 0.3.0 11.43 124.98 136.41 NOTE
r-release-macos-arm64 0.3.0 NOTE
r-release-macos-x86_64 0.3.0 NOTE
r-release-windows-ix86+x86_64 0.3.0 32.00 133.00 165.00 NOTE
r-oldrel-macos-x86_64 0.3.0 OK
r-oldrel-windows-ix86+x86_64 0.3.0 23.00 125.00 148.00 OK

Check Details

Version: 0.3.0
Check: LazyData
Result: NOTE
     'LazyData' is specified without a 'data' directory
Flavors: r-devel-linux-x86_64-debian-clang, r-devel-linux-x86_64-debian-gcc, r-devel-linux-x86_64-fedora-clang, r-devel-linux-x86_64-fedora-gcc, r-devel-windows-x86_64, r-devel-windows-x86_64-gcc10-UCRT, r-patched-linux-x86_64, r-patched-solaris-x86, r-release-linux-x86_64, r-release-macos-arm64, r-release-macos-x86_64, r-release-windows-ix86+x86_64