CRAN Package Check Results for Package ddalpha

Last updated on 2022-06-27 12:53:28 CEST.

Flavor Version Tinstall Tcheck Ttotal Status Flags
r-devel-linux-x86_64-debian-clang 1.3.13 175.11 130.17 305.28 OK
r-devel-linux-x86_64-debian-gcc 1.3.13 131.43 98.49 229.92 OK
r-devel-linux-x86_64-fedora-clang 1.3.13 445.06 NOTE
r-devel-linux-x86_64-fedora-gcc 1.3.13 388.15 OK
r-devel-windows-x86_64 1.3.13 198.00 193.00 391.00 OK
r-patched-linux-x86_64 1.3.13 150.43 122.79 273.22 OK
r-release-linux-x86_64 1.3.13 151.26 123.82 275.08 OK
r-release-macos-arm64 1.3.13 106.00 OK
r-release-macos-x86_64 1.3.13 135.00 OK
r-release-windows-x86_64 1.3.13 197.00 193.00 390.00 OK
r-oldrel-macos-arm64 1.3.13 92.00 OK
r-oldrel-macos-x86_64 1.3.13 128.00 OK
r-oldrel-windows-ix86+x86_64 1.3.13 442.00 220.00 662.00 OK

Check Details

Version: 1.3.13
Check: Rd cross-references
Result: NOTE
    Undeclared package ‘fda.usc’ in Rd xrefs
Flavor: r-devel-linux-x86_64-fedora-clang