Last updated on 2023-12-02 16:49:11 CET.
Flavor | Version | Tinstall | Tcheck | Ttotal | Status | Flags |
---|---|---|---|---|---|---|
r-devel-linux-x86_64-debian-clang | 1.2.0 | 52.00 | 59.76 | 111.76 | NOTE | |
r-devel-linux-x86_64-debian-gcc | 1.2.0 | 40.41 | 46.12 | 86.53 | NOTE | |
r-devel-linux-x86_64-fedora-clang | 1.2.0 | 149.74 | OK | |||
r-devel-linux-x86_64-fedora-gcc | 1.2.0 | 165.07 | OK | |||
r-devel-windows-x86_64 | 1.2.0 | 40.00 | 85.00 | 125.00 | OK | |
r-patched-linux-x86_64 | 1.2.0 | 46.65 | 59.49 | 106.14 | OK | |
r-release-linux-x86_64 | 1.2.0 | 47.89 | 59.37 | 107.26 | OK | |
r-release-macos-arm64 | 1.2.0 | 43.00 | NOTE | |||
r-release-macos-x86_64 | 1.2.0 | 103.00 | NOTE | |||
r-release-windows-x86_64 | 1.2.0 | 50.00 | 96.00 | 146.00 | OK | |
r-oldrel-macos-arm64 | 1.2.0 | 50.00 | NOTE | |||
r-oldrel-macos-x86_64 | 1.2.0 | 70.00 | ERROR | |||
r-oldrel-windows-x86_64 | 1.2.0 | 45.00 | 96.00 | 141.00 | OK |
Version: 1.2.0
Check: Rd files
Result: NOTE
checkRd: (-1) ddsPLS.Rd:81: Lost braces; missing escapes or markup?
81 | \item \code{$U_star}: Loadings for \code{X} in original base: $U_star=U(P'U)^{-1}$.
| ^
checkRd: (-1) modelddsPLSCpp_Rcpp.Rd:38: Lost braces; missing escapes or markup?
38 | \item \code{$U_star}: Loadings for \code{X} in original base: $U_star=U(P'U)^{-1}$.
| ^
checkRd: (-1) predict.ddsPLS.Rd:89-91: Lost braces in \itemize; meant \describe ?
checkRd: (-1) predict.ddsPLS.Rd:92-93: Lost braces in \itemize; meant \describe ?
checkRd: (-1) predict.ddsPLS.Rd:43: Lost braces in \itemize; \value handles \item{}{} directly
checkRd: (-1) predict.ddsPLS.Rd:44-45: Lost braces in \itemize; \value handles \item{}{} directly
Flavors: r-devel-linux-x86_64-debian-clang, r-devel-linux-x86_64-debian-gcc
Version: 1.2.0
Check: installed package size
Result: NOTE
installed size is 11.2Mb
sub-directories of 1Mb or more:
libs 10.5Mb
Flavors: r-release-macos-arm64, r-release-macos-x86_64, r-oldrel-macos-arm64, r-oldrel-macos-x86_64
Version: 1.2.0
Check: PDF version of manual
Result: WARN
LaTeX errors when creating PDF version.
This typically indicates Rd problems.
LaTeX errors found:
! Undefined control sequence.
<argument> ...ilon _t(i) \right )= \left ( \dfrac
{1}{\sqrt {p}}\sqrt {\sum ...
l.551 }{}
! Undefined control sequence.
<argument> ...}\sqrt {\sum _{j=1}^p \left (\dfrac
{\left [\hat {\mathbf {x}}...
l.551 }{}
! Undefined control sequence.
<argument> ...sigma }_j^{(x)}}\right )^2}, \dfrac
{1}{\sqrt {R}}\sqrt {\sum ...
l.551 }{}
! Undefined control sequence.
<argument> ...}\sqrt {\sum _{r=1}^R \left (\dfrac
{\hat {{t}}_i^{(r)}} {\hat...
l.551 }{}
! Undefined control sequence.
<argument> \hat {\mathbf {x}}_i = \dfrac
{1}{R}(\mathbf {x}_i-\hat {\boldsy...
l.561 }{}
! Undefined control sequence.
<argument> \hat {\sigma }_r^2=\dfrac
{1}{n}\sum _{j=1}^n\left ((\mathbf {x}_...
l.566 \mathbf{u}_r\right)^2}{}
is thus the estimated empirical variance of
Flavor: r-oldrel-macos-x86_64
Version: 1.2.0
Check: PDF version of manual without index
Result: ERROR
Flavor: r-oldrel-macos-x86_64