Last updated on 2023-06-04 08:57:07 CEST.
Flavor | Version | Tinstall | Tcheck | Ttotal | Status | Flags |
---|---|---|---|---|---|---|
r-devel-linux-x86_64-debian-clang | 1.0 | 4.81 | 65.20 | 70.01 | OK | |
r-devel-linux-x86_64-debian-gcc | 1.0 | 2.84 | 50.00 | 52.84 | OK | |
r-devel-linux-x86_64-fedora-clang | 1.0 | 86.24 | NOTE | |||
r-devel-linux-x86_64-fedora-gcc | 1.0 | 83.12 | NOTE | |||
r-devel-windows-x86_64 | 1.0 | 5.00 | 78.00 | 83.00 | OK | |
r-patched-linux-x86_64 | 1.0 | 3.91 | 61.58 | 65.49 | OK | |
r-release-linux-x86_64 | 1.0 | 3.10 | 62.34 | 65.44 | OK | |
r-release-macos-arm64 | 1.0 | 34.00 | OK | |||
r-release-macos-x86_64 | 1.0 | 53.00 | OK | |||
r-release-windows-x86_64 | 1.0 | 6.00 | 84.00 | 90.00 | OK | |
r-oldrel-macos-arm64 | 1.0 | 29.00 | NOTE | |||
r-oldrel-macos-x86_64 | 1.0 | 41.00 | NOTE | |||
r-oldrel-windows-x86_64 | 1.0 | 7.00 | 85.00 | 92.00 | OK |
Version: 1.0
Check: dependencies in R code
Result: NOTE
Namespace in Imports field not imported from: ‘RColorBrewer’
All declared Imports should be used.
Flavors: r-devel-linux-x86_64-fedora-clang, r-devel-linux-x86_64-fedora-gcc, r-oldrel-macos-arm64, r-oldrel-macos-x86_64