CRAN Package Check Results for Package deTS

Last updated on 2021-12-02 00:49:08 CET.

Flavor Version Tinstall Tcheck Ttotal Status Flags
r-devel-linux-x86_64-debian-clang 1.0 3.61 58.99 62.60 OK
r-devel-linux-x86_64-debian-gcc 1.0 2.60 46.25 48.85 OK
r-devel-linux-x86_64-fedora-clang 1.0 84.45 NOTE
r-devel-linux-x86_64-fedora-gcc 1.0 73.21 NOTE
r-devel-windows-x86_64-new-UL 1.0 10.00 102.00 112.00 OK
r-devel-windows-x86_64-new-TK 1.0 NOTE
r-devel-windows-x86_64-old 1.0 6.00 63.00 69.00 OK
r-patched-linux-x86_64 1.0 3.66 55.50 59.16 OK
r-patched-solaris-x86 1.0 110.30 NOTE
r-release-linux-x86_64 1.0 3.41 56.01 59.42 OK
r-release-macos-arm64 1.0 NOTE
r-release-macos-x86_64 1.0 NOTE
r-release-windows-ix86+x86_64 1.0 8.00 84.00 92.00 OK
r-oldrel-macos-x86_64 1.0 NOTE
r-oldrel-windows-ix86+x86_64 1.0 7.00 83.00 90.00 OK

Check Details

Version: 1.0
Check: dependencies in R code
Result: NOTE
    Namespace in Imports field not imported from: ‘RColorBrewer’
     All declared Imports should be used.
Flavors: r-devel-linux-x86_64-fedora-clang, r-devel-linux-x86_64-fedora-gcc, r-devel-windows-x86_64-new-TK, r-patched-solaris-x86, r-release-macos-arm64, r-release-macos-x86_64, r-oldrel-macos-x86_64

Version: 1.0
Check: installed package size
Result: NOTE
     installed size is 5.1Mb
     sub-directories of 1Mb or more:
     data 5.0Mb
Flavor: r-patched-solaris-x86