Last updated on 2023-05-28 22:00:08 CEST.
Flavor | Version | Tinstall | Tcheck | Ttotal | Status | Flags |
---|---|---|---|---|---|---|
r-devel-linux-x86_64-debian-clang | 1.2.2 | 4.65 | 41.92 | 46.57 | OK | |
r-devel-linux-x86_64-debian-gcc | 1.2.2 | 4.85 | 32.28 | 37.13 | OK | |
r-devel-linux-x86_64-fedora-clang | 1.2.2 | 60.02 | NOTE | |||
r-devel-linux-x86_64-fedora-gcc | 1.2.2 | 67.54 | NOTE | |||
r-devel-windows-x86_64 | 1.2.2 | 7.00 | 63.00 | 70.00 | OK | |
r-patched-linux-x86_64 | 1.2.2 | 6.75 | 39.57 | 46.32 | OK | |
r-release-linux-x86_64 | 1.2.2 | 5.49 | 39.77 | 45.26 | OK | |
r-release-macos-arm64 | 1.2.2 | 32.00 | OK | |||
r-release-macos-x86_64 | 1.2.2 | 47.00 | OK | |||
r-release-windows-x86_64 | 1.2.2 | 9.00 | 67.00 | 76.00 | OK | |
r-oldrel-macos-arm64 | 1.2.2 | 26.00 | OK | |||
r-oldrel-macos-x86_64 | 1.2.2 | 32.00 | NOTE | |||
r-oldrel-windows-x86_64 | 1.2.2 | 11.00 | 62.00 | 73.00 | OK |
Version: 1.2.2
Check: data for non-ASCII characters
Result: NOTE
Note: found 1 marked Latin-1 string
Note: found 46826 marked UTF-8 strings
Flavors: r-devel-linux-x86_64-fedora-clang, r-devel-linux-x86_64-fedora-gcc, r-oldrel-macos-x86_64