Last updated on 2024-04-19 01:04:28 CEST.
Flavor | Version | Tinstall | Tcheck | Ttotal | Status | Flags |
---|---|---|---|---|---|---|
r-devel-linux-x86_64-debian-clang | 1.0.0 | 14.67 | 127.13 | 141.80 | NOTE | |
r-devel-linux-x86_64-debian-gcc | 1.0.0 | 13.29 | 91.19 | 104.48 | NOTE | |
r-devel-linux-x86_64-fedora-clang | 1.0.0 | 189.17 | NOTE | |||
r-devel-linux-x86_64-fedora-gcc | 1.0.0 | 175.44 | NOTE | |||
r-prerel-macos-arm64 | 1.0.0 | 49.00 | NOTE | |||
r-prerel-windows-x86_64 | 1.0.0 | 14.00 | 244.00 | 258.00 | NOTE | |
r-patched-linux-x86_64 | 1.0.0 | 15.17 | 119.87 | 135.04 | NOTE | |
r-release-linux-x86_64 | 1.0.0 | 13.21 | 122.13 | 135.34 | OK | |
r-release-macos-arm64 | 1.0.0 | 53.00 | OK | |||
r-release-macos-x86_64 | 1.0.0 | 85.00 | OK | |||
r-release-windows-x86_64 | 1.0.0 | 20.00 | 190.00 | 210.00 | OK | |
r-oldrel-macos-arm64 | 1.0.0 | 44.00 | OK | |||
r-oldrel-windows-x86_64 | 1.0.0 | 20.00 | 179.00 | 199.00 | OK |
Version: 1.0.0
Check: Rd files
Result: NOTE
checkRd: (-1) dr_families.Rd:36: Lost braces in \itemize; meant \describe ?
checkRd: (-1) dr_families.Rd:37: Lost braces in \itemize; meant \describe ?
checkRd: (-1) dr_families.Rd:38: Lost braces in \itemize; meant \describe ?
checkRd: (-1) dr_families.Rd:39-40: Lost braces in \itemize; meant \describe ?
checkRd: (-1) dr_families.Rd:41: Lost braces in \itemize; meant \describe ?
checkRd: (-1) dr_families.Rd:42: Lost braces in \itemize; meant \describe ?
checkRd: (-1) dr_families.Rd:43: Lost braces in \itemize; meant \describe ?
checkRd: (-1) dr_families.Rd:44: Lost braces in \itemize; meant \describe ?
checkRd: (-1) dr_families.Rd:45: Lost braces in \itemize; meant \describe ?
checkRd: (-1) dr_families.Rd:46: Lost braces in \itemize; meant \describe ?
checkRd: (-1) dr_families.Rd:47-49: Lost braces in \itemize; meant \describe ?
checkRd: (-1) dr_families.Rd:50: Lost braces in \itemize; meant \describe ?
checkRd: (-1) dr_families.Rd:51: Lost braces in \itemize; meant \describe ?
checkRd: (-1) dr_families.Rd:52: Lost braces in \itemize; meant \describe ?
checkRd: (-1) dr_families.Rd:53: Lost braces in \itemize; meant \describe ?
checkRd: (-1) dr_families.Rd:54: Lost braces in \itemize; meant \describe ?
checkRd: (-1) dr_families.Rd:55: Lost braces in \itemize; meant \describe ?
checkRd: (-1) dr_families.Rd:56-57: Lost braces in \itemize; meant \describe ?
checkRd: (-1) dr_families.Rd:58: Lost braces in \itemize; meant \describe ?
checkRd: (-1) dr_families.Rd:59-60: Lost braces in \itemize; meant \describe ?
checkRd: (-1) dr_families.Rd:61: Lost braces in \itemize; meant \describe ?
checkRd: (-1) dr_families.Rd:62: Lost braces in \itemize; meant \describe ?
checkRd: (-1) dr_families.Rd:63: Lost braces in \itemize; meant \describe ?
checkRd: (-1) dr_families.Rd:64: Lost braces in \itemize; meant \describe ?
checkRd: (-1) dr_families.Rd:65-67: Lost braces in \itemize; meant \describe ?
checkRd: (-1) dr_families.Rd:68: Lost braces in \itemize; meant \describe ?
checkRd: (-1) dr_families.Rd:69: Lost braces in \itemize; meant \describe ?
checkRd: (-1) dr_families.Rd:70: Lost braces in \itemize; meant \describe ?
checkRd: (-1) dr_families.Rd:71-72: Lost braces in \itemize; meant \describe ?
checkRd: (-1) dr_families.Rd:73: Lost braces in \itemize; meant \describe ?
checkRd: (-1) dr_families.Rd:74-75: Lost braces in \itemize; meant \describe ?
checkRd: (-1) dr_families.Rd:76: Lost braces in \itemize; meant \describe ?
Flavors: r-devel-linux-x86_64-debian-clang, r-devel-linux-x86_64-debian-gcc, r-devel-linux-x86_64-fedora-clang, r-devel-linux-x86_64-fedora-gcc, r-prerel-macos-arm64, r-prerel-windows-x86_64, r-patched-linux-x86_64