CRAN Package Check Results for Package deflateBR

Last updated on 2021-11-30 20:49:14 CET.

Flavor Version Tinstall Tcheck Ttotal Status Flags
r-devel-linux-x86_64-debian-clang 1.1.2 3.17 28.29 31.46 NOTE
r-devel-linux-x86_64-debian-gcc 1.1.2 2.20 22.35 24.55 NOTE
r-devel-linux-x86_64-fedora-clang 1.1.2 49.55 NOTE
r-devel-linux-x86_64-fedora-gcc 1.1.2 38.40 NOTE
r-devel-windows-x86_64-new-UL 1.1.2 9.00 61.00 70.00 NOTE
r-devel-windows-x86_64-new-TK 1.1.2 NOTE
r-devel-windows-x86_64-old 1.1.2 5.00 33.00 38.00 NOTE
r-patched-linux-x86_64 1.1.2 3.04 27.61 30.65 NOTE
r-patched-solaris-x86 1.1.2 57.40 NOTE
r-release-linux-x86_64 1.1.2 2.87 27.58 30.45 NOTE
r-release-macos-arm64 1.1.2 NOTE
r-release-macos-x86_64 1.1.2 NOTE
r-release-windows-ix86+x86_64 1.1.2 7.00 37.00 44.00 NOTE
r-oldrel-macos-x86_64 1.1.2 OK
r-oldrel-windows-ix86+x86_64 1.1.2 6.00 39.00 45.00 OK

Check Details

Version: 1.1.2
Check: LazyData
Result: NOTE
     'LazyData' is specified without a 'data' directory
Flavors: r-devel-linux-x86_64-debian-clang, r-devel-linux-x86_64-debian-gcc, r-devel-linux-x86_64-fedora-clang, r-devel-linux-x86_64-fedora-gcc, r-devel-windows-x86_64-new-UL, r-devel-windows-x86_64-new-TK, r-devel-windows-x86_64-old, r-patched-linux-x86_64, r-patched-solaris-x86, r-release-linux-x86_64, r-release-macos-arm64, r-release-macos-x86_64, r-release-windows-ix86+x86_64