Last updated on 2023-05-28 22:00:08 CEST.
Flavor | Version | Tinstall | Tcheck | Ttotal | Status | Flags |
---|---|---|---|---|---|---|
r-devel-linux-x86_64-debian-clang | 1.1.1 | 135.81 | 50.95 | 186.76 | OK | |
r-devel-linux-x86_64-debian-gcc | 1.1.1 | 124.45 | 39.87 | 164.32 | OK | |
r-devel-linux-x86_64-fedora-clang | 1.1.1 | 246.29 | OK | |||
r-devel-linux-x86_64-fedora-gcc | 1.1.1 | 297.47 | OK | |||
r-devel-windows-x86_64 | 1.1.1 | 115.00 | 82.00 | 197.00 | OK | |
r-patched-linux-x86_64 | 1.1.1 | 110.86 | 49.33 | 160.19 | OK | |
r-release-linux-x86_64 | 1.1.1 | 123.89 | 49.16 | 173.05 | OK | |
r-release-macos-arm64 | 1.1.1 | 74.00 | NOTE | |||
r-release-macos-x86_64 | 1.1.1 | 114.00 | NOTE | |||
r-release-windows-x86_64 | 1.1.1 | 154.00 | 89.00 | 243.00 | OK | |
r-oldrel-macos-arm64 | 1.1.1 | 70.00 | NOTE | |||
r-oldrel-macos-x86_64 | 1.1.1 | 84.00 | NOTE | |||
r-oldrel-windows-x86_64 | 1.1.1 | 148.00 | 89.00 | 237.00 | OK |
Version: 1.1.1
Check: installed package size
Result: NOTE
installed size is 12.8Mb
sub-directories of 1Mb or more:
libs 12.7Mb
Flavors: r-release-macos-arm64, r-release-macos-x86_64, r-oldrel-macos-arm64, r-oldrel-macos-x86_64