CRAN Package Check Results for Package demoShiny

Last updated on 2021-09-28 01:49:20 CEST.

Flavor Version Tinstall Tcheck Ttotal Status Flags
r-devel-linux-x86_64-debian-clang 0.1 2.95 35.03 37.98 NOTE
r-devel-linux-x86_64-debian-gcc 0.1 2.61 27.31 29.92 NOTE
r-devel-linux-x86_64-fedora-clang 0.1 54.00 NOTE
r-devel-linux-x86_64-fedora-gcc 0.1 44.07 NOTE
r-devel-windows-x86_64 0.1 5.00 42.00 47.00 NOTE
r-devel-windows-x86_64-gcc10-UCRT 0.1 NOTE
r-patched-linux-x86_64 0.1 2.89 33.22 36.11 NOTE
r-patched-solaris-x86 0.1 70.20 NOTE
r-release-linux-x86_64 0.1 2.85 33.58 36.43 NOTE
r-release-macos-arm64 0.1 NOTE
r-release-macos-x86_64 0.1 NOTE
r-release-windows-ix86+x86_64 0.1 8.00 44.00 52.00 NOTE
r-oldrel-macos-x86_64 0.1 OK
r-oldrel-windows-ix86+x86_64 0.1 7.00 43.00 50.00 OK

Check Details

Version: 0.1
Check: LazyData
Result: NOTE
     'LazyData' is specified without a 'data' directory
Flavors: r-devel-linux-x86_64-debian-clang, r-devel-linux-x86_64-debian-gcc, r-devel-linux-x86_64-fedora-clang, r-devel-linux-x86_64-fedora-gcc, r-devel-windows-x86_64, r-devel-windows-x86_64-gcc10-UCRT, r-patched-linux-x86_64, r-patched-solaris-x86, r-release-linux-x86_64, r-release-macos-arm64, r-release-macos-x86_64, r-release-windows-ix86+x86_64