CRAN Package Check Results for Package derivmkts

Last updated on 2023-06-08 08:55:19 CEST.

Flavor Version Tinstall Tcheck Ttotal Status Flags
r-devel-linux-x86_64-debian-clang 0.2.5 4.27 63.68 67.95 NOTE
r-devel-linux-x86_64-debian-gcc 0.2.5 3.27 48.88 52.15 NOTE
r-devel-linux-x86_64-fedora-clang 0.2.5 86.80 NOTE
r-devel-linux-x86_64-fedora-gcc 0.2.5 94.31 NOTE
r-devel-windows-x86_64 0.2.5 11.00 126.00 137.00 NOTE
r-patched-linux-x86_64 0.2.5 4.39 60.78 65.17 NOTE
r-release-linux-x86_64 0.2.5 4.76 61.19 65.95 NOTE
r-release-macos-arm64 0.2.5 36.00 NOTE
r-release-macos-x86_64 0.2.5 48.00 NOTE
r-release-windows-x86_64 0.2.5 6.00 78.00 84.00 NOTE
r-oldrel-macos-arm64 0.2.5 32.00 OK
r-oldrel-macos-x86_64 0.2.5 38.00 OK
r-oldrel-windows-x86_64 0.2.5 8.00 78.00 86.00 OK

Check Details

Version: 0.2.5
Check: Rd files
Result: NOTE
    checkRd: (-1) barriers.Rd:127: Escaped LaTeX specials: \$
Flavors: r-devel-linux-x86_64-debian-clang, r-devel-linux-x86_64-debian-gcc, r-devel-linux-x86_64-fedora-clang, r-devel-linux-x86_64-fedora-gcc, r-devel-windows-x86_64, r-patched-linux-x86_64, r-release-linux-x86_64, r-release-macos-arm64, r-release-macos-x86_64, r-release-windows-x86_64