CRAN Package Check Results for Package detect

Last updated on 2021-10-26 09:09:22 CEST.

Flavor Version Tinstall Tcheck Ttotal Status Flags
r-devel-linux-x86_64-debian-clang 0.4-4 10.60 359.73 370.33 OK
r-devel-linux-x86_64-debian-gcc 0.4-4 9.68 280.81 290.49 OK
r-devel-linux-x86_64-fedora-clang 0.4-4 446.71 OK
r-devel-linux-x86_64-fedora-gcc 0.4-4 470.93 OK
r-devel-windows-x86_64 0.4-4 16.00 522.00 538.00 OK
r-devel-windows-x86_64-gcc10-UCRT 0.4-4 OK
r-patched-linux-x86_64 0.4-4 9.74 327.45 337.19 OK
r-patched-solaris-x86 0.4-4 793.20 OK
r-release-linux-x86_64 0.4-4 11.71 322.67 334.38 OK
r-release-macos-arm64 0.4-4 NOTE
r-release-macos-x86_64 0.4-4 OK
r-release-windows-ix86+x86_64 0.4-4 16.00 499.00 515.00 OK
r-oldrel-macos-x86_64 0.4-4 OK
r-oldrel-windows-ix86+x86_64 0.4-4 23.00 508.00 531.00 OK

Check Details

Version: 0.4-4
Check: package dependencies
Result: NOTE
    Packages suggested but not available for checking: 'dclone', 'dcmle'
Flavor: r-release-macos-arm64