Last updated on 2023-11-28 16:48:16 CET.
Flavor | Version | Tinstall | Tcheck | Ttotal | Status | Flags |
---|---|---|---|---|---|---|
r-devel-linux-x86_64-debian-clang | 0.9.6 | 32.77 | 102.98 | 135.75 | NOTE | |
r-devel-linux-x86_64-debian-gcc | 0.9.6 | 23.14 | 75.11 | 98.25 | NOTE | |
r-devel-linux-x86_64-fedora-clang | 0.9.6 | 188.17 | NOTE | |||
r-devel-linux-x86_64-fedora-gcc | 0.9.6 | 183.70 | NOTE | |||
r-devel-windows-x86_64 | 0.9.6 | 32.00 | 122.00 | 154.00 | NOTE | |
r-patched-linux-x86_64 | 0.9.6 | 27.88 | 95.20 | 123.08 | NOTE | |
r-release-linux-x86_64 | 0.9.6 | 26.42 | 94.10 | 120.52 | NOTE | |
r-release-macos-arm64 | 0.9.6 | 57.00 | NOTE | |||
r-release-macos-x86_64 | 0.9.6 | 100.00 | NOTE | |||
r-release-windows-x86_64 | 0.9.6 | 41.00 | 144.00 | 185.00 | NOTE | |
r-oldrel-macos-arm64 | 0.9.6 | 50.00 | NOTE | |||
r-oldrel-macos-x86_64 | 0.9.6 | 91.00 | NOTE | |||
r-oldrel-windows-x86_64 | 0.9.6 | 37.00 | 131.00 | 168.00 | NOTE |
Version: 0.9.6
Check: LazyData
Result: NOTE
'LazyData' is specified without a 'data' directory
Flavors: r-devel-linux-x86_64-debian-clang, r-devel-linux-x86_64-debian-gcc, r-devel-linux-x86_64-fedora-clang, r-devel-linux-x86_64-fedora-gcc, r-devel-windows-x86_64, r-patched-linux-x86_64, r-release-linux-x86_64, r-release-macos-arm64, r-release-macos-x86_64, r-release-windows-x86_64, r-oldrel-macos-arm64, r-oldrel-macos-x86_64, r-oldrel-windows-x86_64
Version: 0.9.6
Check: installed package size
Result: NOTE
installed size is 5.3Mb
sub-directories of 1Mb or more:
extdata 2.1Mb
libs 2.3Mb
Flavors: r-release-macos-arm64, r-release-macos-x86_64, r-oldrel-macos-arm64, r-oldrel-macos-x86_64