Last updated on 2024-07-18 00:54:51 CEST.
Flavor | Version | Tinstall | Tcheck | Ttotal | Status | Flags |
---|---|---|---|---|---|---|
r-devel-linux-x86_64-debian-clang | 0.1 | 5.22 | 37.05 | 42.27 | NOTE | |
r-devel-linux-x86_64-debian-gcc | 0.1 | 2.61 | 27.49 | 30.10 | NOTE | |
r-devel-linux-x86_64-fedora-clang | 0.1 | 50.08 | NOTE | |||
r-devel-linux-x86_64-fedora-gcc | 0.1 | 47.74 | NOTE | |||
r-devel-windows-x86_64 | 0.1 | 5.00 | 49.00 | 54.00 | NOTE | |
r-patched-linux-x86_64 | 0.1 | 5.25 | 34.90 | 40.15 | NOTE | |
r-release-linux-x86_64 | 0.1 | 4.71 | 34.81 | 39.52 | NOTE | |
r-release-macos-arm64 | 0.1 | 19.00 | NOTE | |||
r-release-macos-x86_64 | 0.1 | 27.00 | NOTE | |||
r-release-windows-x86_64 | 0.1 | 5.00 | 49.00 | 54.00 | NOTE | |
r-oldrel-macos-arm64 | 0.1 | 22.00 | NOTE | |||
r-oldrel-macos-x86_64 | 0.1 | 28.00 | NOTE | |||
r-oldrel-windows-x86_64 | 0.1 | 6.00 | 50.00 | 56.00 | NOTE |
Version: 0.1
Check: LazyData
Result: NOTE
'LazyData' is specified without a 'data' directory
Flavors: r-devel-linux-x86_64-debian-clang, r-devel-linux-x86_64-debian-gcc, r-devel-linux-x86_64-fedora-clang, r-devel-linux-x86_64-fedora-gcc, r-devel-windows-x86_64, r-patched-linux-x86_64, r-release-linux-x86_64, r-release-macos-arm64, r-release-macos-x86_64, r-release-windows-x86_64, r-oldrel-macos-arm64, r-oldrel-macos-x86_64, r-oldrel-windows-x86_64