Last updated on 2023-03-29 09:50:46 CEST.
Flavor | Version | Tinstall | Tcheck | Ttotal | Status | Flags |
---|---|---|---|---|---|---|
r-devel-linux-x86_64-debian-clang | 2.4.5 | 9.83 | 119.21 | 129.04 | OK | |
r-devel-linux-x86_64-debian-gcc | 2.4.5 | 9.00 | 91.24 | 100.24 | OK | |
r-devel-linux-x86_64-fedora-clang | 2.4.5 | 164.25 | OK | |||
r-devel-linux-x86_64-fedora-gcc | 2.4.5 | 182.03 | OK | |||
r-devel-windows-x86_64 | 2.4.5 | 167.00 | 184.00 | 351.00 | OK | |
r-patched-linux-x86_64 | 2.4.5 | 18.73 | 115.67 | 134.40 | OK | |
r-release-linux-x86_64 | 2.4.5 | 6.86 | 119.26 | 126.12 | OK | |
r-release-macos-arm64 | 2.4.5 | 65.00 | OK | |||
r-release-macos-x86_64 | 2.4.5 | 80.00 | OK | |||
r-release-windows-x86_64 | 2.4.5 | 118.00 | 195.00 | 313.00 | OK | |
r-oldrel-macos-arm64 | 2.4.5 | 66.00 | OK | |||
r-oldrel-macos-x86_64 | 2.4.5 | 85.00 | OK | |||
r-oldrel-windows-ix86+x86_64 | 2.4.5 | 25.00 | 658.00 | 683.00 | WARN |
Version: 2.4.5
Check: dependencies in R code
Result: NOTE
Initiating curl with CURL_SSL_BACKEND: openssl
Flavor: r-oldrel-windows-ix86+x86_64
Version: 2.4.5
Check: for unstated dependencies in ‘tests’
Result: WARN
Warning: unable to access index for repository https://bioconductor.org/packages/3.14/bioc/src/contrib:
cannot open URL 'https://bioconductor.org/packages/3.14/bioc/src/contrib/PACKAGES'
Warning: unable to access index for repository https://bioconductor.org/packages/3.14/data/annotation/src/contrib:
cannot open URL 'https://bioconductor.org/packages/3.14/data/annotation/src/contrib/PACKAGES'
Warning: unable to access index for repository https://bioconductor.org/packages/3.14/data/experiment/src/contrib:
cannot open URL 'https://bioconductor.org/packages/3.14/data/experiment/src/contrib/PACKAGES'
Flavor: r-oldrel-windows-ix86+x86_64