Last updated on 2024-03-28 23:55:04 CET.
Flavor | Version | Tinstall | Tcheck | Ttotal | Status | Flags |
---|---|---|---|---|---|---|
r-devel-linux-x86_64-debian-clang | 3.0.0 | 751.81 | 174.53 | 926.34 | NOTE | |
r-devel-linux-x86_64-debian-gcc | 3.0.0 | 602.80 | 124.10 | 726.90 | NOTE | |
r-devel-linux-x86_64-fedora-clang | 3.0.0 | 1503.47 | NOTE | |||
r-devel-linux-x86_64-fedora-gcc | 3.0.0 | 1465.52 | NOTE | |||
r-devel-windows-x86_64 | 3.0.0 | 613.00 | 174.00 | 787.00 | NOTE | |
r-patched-linux-x86_64 | 3.0.0 | 757.79 | 160.58 | 918.37 | NOTE | |
r-release-linux-x86_64 | 3.0.0 | 765.73 | 161.08 | 926.81 | NOTE | |
r-release-macos-arm64 | 3.0.0 | 285.00 | NOTE | |||
r-release-macos-x86_64 | 3.0.0 | 547.00 | NOTE | |||
r-release-windows-x86_64 | 3.0.0 | 748.00 | 219.00 | 967.00 | NOTE | |
r-oldrel-macos-arm64 | 3.0.0 | 231.00 | NOTE | |||
r-oldrel-windows-x86_64 | 3.0.0 | 748.00 | 212.00 | 960.00 | OK |
Version: 3.0.0
Check: C++ specification
Result: NOTE
Specified C++11: please drop specification unless essential
Flavors: r-devel-linux-x86_64-debian-clang, r-devel-linux-x86_64-debian-gcc, r-devel-linux-x86_64-fedora-clang, r-devel-linux-x86_64-fedora-gcc, r-devel-windows-x86_64, r-patched-linux-x86_64, r-release-linux-x86_64, r-release-macos-arm64, r-release-macos-x86_64, r-release-windows-x86_64
Version: 3.0.0
Check: installed package size
Result: NOTE
installed size is 16.7Mb
sub-directories of 1Mb or more:
doc 1.5Mb
libs 14.8Mb
Flavors: r-release-macos-arm64, r-release-macos-x86_64, r-oldrel-macos-arm64