CRAN Package Check Results for Package dhh

Last updated on 2024-05-22 16:53:45 CEST.

Flavor Version Tinstall Tcheck Ttotal Status Flags
r-devel-linux-x86_64-debian-clang 0.0.1 1.99 27.52 29.51 NOTE
r-devel-linux-x86_64-debian-gcc 0.0.1 1.47 22.10 23.57 NOTE
r-devel-linux-x86_64-fedora-clang 0.0.1 41.19 NOTE
r-devel-linux-x86_64-fedora-gcc 0.0.1 50.07 NOTE
r-devel-windows-x86_64 0.0.1 3.00 49.00 52.00 NOTE
r-patched-linux-x86_64 0.0.1 2.03 26.42 28.45 NOTE
r-release-linux-x86_64 0.0.1 1.41 26.87 28.28 NOTE
r-release-macos-arm64 0.0.1 23.00 NOTE
r-release-windows-x86_64 0.0.1 3.00 50.00 53.00 NOTE
r-oldrel-macos-arm64 0.0.1 23.00 NOTE
r-oldrel-macos-x86_64 0.0.1 34.00 NOTE
r-oldrel-windows-x86_64 0.0.1 4.00 48.00 52.00 NOTE

Check Details

Version: 0.0.1
Check: LazyData
Result: NOTE 'LazyData' is specified without a 'data' directory Flavors: r-devel-linux-x86_64-debian-clang, r-devel-linux-x86_64-debian-gcc, r-devel-linux-x86_64-fedora-clang, r-devel-linux-x86_64-fedora-gcc, r-devel-windows-x86_64, r-patched-linux-x86_64, r-release-linux-x86_64, r-release-macos-arm64, r-release-windows-x86_64, r-oldrel-macos-arm64, r-oldrel-macos-x86_64, r-oldrel-windows-x86_64