CRAN Package Check Results for Package dhh

Last updated on 2023-06-04 08:57:07 CEST.

Flavor Version Tinstall Tcheck Ttotal Status Flags
r-devel-linux-x86_64-debian-clang 0.0.1 2.06 24.89 26.95 NOTE
r-devel-linux-x86_64-debian-gcc 0.0.1 1.64 19.85 21.49 NOTE
r-devel-linux-x86_64-fedora-clang 0.0.1 35.12 NOTE
r-devel-linux-x86_64-fedora-gcc 0.0.1 43.90 NOTE
r-devel-windows-x86_64 0.0.1 3.00 49.00 52.00 NOTE
r-patched-linux-x86_64 0.0.1 1.96 24.20 26.16 NOTE
r-release-linux-x86_64 0.0.1 1.58 24.45 26.03 NOTE
r-release-macos-arm64 0.0.1 23.00 NOTE
r-release-macos-x86_64 0.0.1 34.00 NOTE
r-release-windows-x86_64 0.0.1 4.00 46.00 50.00 NOTE
r-oldrel-macos-arm64 0.0.1 20.00 NOTE
r-oldrel-macos-x86_64 0.0.1 23.00 NOTE
r-oldrel-windows-x86_64 0.0.1 3.00 49.00 52.00 NOTE

Check Details

Version: 0.0.1
Check: LazyData
Result: NOTE
     'LazyData' is specified without a 'data' directory
Flavors: r-devel-linux-x86_64-debian-clang, r-devel-linux-x86_64-debian-gcc, r-devel-linux-x86_64-fedora-clang, r-devel-linux-x86_64-fedora-gcc, r-devel-windows-x86_64, r-patched-linux-x86_64, r-release-linux-x86_64, r-release-macos-arm64, r-release-macos-x86_64, r-release-windows-x86_64, r-oldrel-macos-arm64, r-oldrel-macos-x86_64, r-oldrel-windows-x86_64