CRAN Package Check Results for Package dialectR

Last updated on 2021-10-26 20:50:51 CEST.

Flavor Version Tinstall Tcheck Ttotal Status Flags
r-devel-linux-x86_64-debian-clang 1.0 58.21 93.39 151.60 OK
r-devel-linux-x86_64-debian-gcc 1.0 43.94 73.05 116.99 OK
r-devel-linux-x86_64-fedora-clang 1.0 242.10 NOTE
r-devel-linux-x86_64-fedora-gcc 1.0 199.26 NOTE
r-devel-windows-x86_64 1.0 80.00 137.00 217.00 OK
r-devel-windows-x86_64-gcc10-UCRT 1.0 NOTE
r-patched-linux-x86_64 1.0 52.35 91.96 144.31 OK
r-patched-solaris-x86 1.0 233.30 NOTE
r-release-linux-x86_64 1.0 47.35 93.10 140.45 OK
r-release-macos-arm64 1.0 NOTE
r-release-macos-x86_64 1.0 NOTE
r-release-windows-ix86+x86_64 1.0 121.00 181.00 302.00 NOTE
r-oldrel-macos-x86_64 1.0 NOTE
r-oldrel-windows-ix86+x86_64 1.0 157.00 181.00 338.00 NOTE

Check Details

Version: 1.0
Check: data for non-ASCII characters
Result: NOTE
     Note: found 294851 marked UTF-8 strings
Flavors: r-devel-linux-x86_64-fedora-clang, r-devel-linux-x86_64-fedora-gcc, r-devel-windows-x86_64-gcc10-UCRT, r-patched-solaris-x86, r-release-macos-arm64, r-release-macos-x86_64, r-oldrel-macos-x86_64

Version: 1.0
Check: installed package size
Result: NOTE
     installed size is 5.0Mb
     sub-directories of 1Mb or more:
     data 2.4Mb
     libs 2.2Mb
Flavors: r-release-macos-arm64, r-release-windows-ix86+x86_64, r-oldrel-windows-ix86+x86_64