CRAN Package Check Results for Package didimputation

Last updated on 2024-05-20 16:58:26 CEST.

Flavor Version Tinstall Tcheck Ttotal Status Flags
r-devel-linux-x86_64-debian-clang 0.3.0 42.57 92.75 135.32 NOTE
r-devel-linux-x86_64-debian-gcc 0.3.0 33.07 68.48 101.55 NOTE
r-devel-linux-x86_64-fedora-clang 0.3.0 181.25 NOTE
r-devel-linux-x86_64-fedora-gcc 0.3.0 173.47 NOTE
r-devel-windows-x86_64 0.3.0 37.00 100.00 137.00 NOTE
r-patched-linux-x86_64 0.3.0 28.33 86.74 115.07 NOTE
r-release-linux-x86_64 0.3.0 30.82 90.35 121.17 NOTE
r-release-macos-arm64 0.3.0 40.00 NOTE
r-release-windows-x86_64 0.3.0 39.00 100.00 139.00 NOTE
r-oldrel-macos-arm64 0.3.0 45.00 NOTE
r-oldrel-macos-x86_64 0.3.0 64.00 NOTE
r-oldrel-windows-x86_64 0.3.0 45.00 123.00 168.00 NOTE

Check Details

Version: 0.3.0
Check: C++ specification
Result: NOTE Specified C++11: please drop specification unless essential Flavors: r-devel-linux-x86_64-debian-clang, r-devel-linux-x86_64-debian-gcc, r-devel-linux-x86_64-fedora-clang, r-devel-linux-x86_64-fedora-gcc, r-devel-windows-x86_64, r-patched-linux-x86_64, r-release-linux-x86_64, r-release-macos-arm64, r-release-windows-x86_64, r-oldrel-macos-arm64, r-oldrel-macos-x86_64, r-oldrel-windows-x86_64

Version: 0.3.0
Check: Rd files
Result: NOTE checkRd: (-1) did_imputation.Rd:74: Lost braces; missing escapes or markup? 74 | form average treatment effects for groups of {it}. | ^ Flavors: r-devel-linux-x86_64-debian-clang, r-devel-linux-x86_64-debian-gcc, r-devel-linux-x86_64-fedora-clang, r-devel-linux-x86_64-fedora-gcc, r-devel-windows-x86_64, r-patched-linux-x86_64, r-release-linux-x86_64, r-release-macos-arm64, r-release-windows-x86_64