CRAN Package Check Results for Package diffpriv

Last updated on 2023-06-08 08:55:19 CEST.

Flavor Version Tinstall Tcheck Ttotal Status Flags
r-devel-linux-x86_64-debian-clang 0.4.2 4.64 72.08 76.72 NOTE
r-devel-linux-x86_64-debian-gcc 0.4.2 3.71 54.13 57.84 NOTE
r-devel-linux-x86_64-fedora-clang 0.4.2 97.02 NOTE
r-devel-linux-x86_64-fedora-gcc 0.4.2 104.37 NOTE
r-devel-windows-x86_64 0.4.2 8.00 115.00 123.00 NOTE
r-patched-linux-x86_64 0.4.2 4.80 67.49 72.29 NOTE
r-release-linux-x86_64 0.4.2 3.90 68.77 72.67 NOTE
r-release-macos-arm64 0.4.2 40.00 NOTE
r-release-macos-x86_64 0.4.2 64.00 NOTE
r-release-windows-x86_64 0.4.2 5.00 108.00 113.00 NOTE
r-oldrel-macos-arm64 0.4.2 33.00 NOTE
r-oldrel-macos-x86_64 0.4.2 46.00 NOTE
r-oldrel-windows-x86_64 0.4.2 8.00 106.00 114.00 NOTE

Check Details

Version: 0.4.2
Check: LazyData
Result: NOTE
     'LazyData' is specified without a 'data' directory
Flavors: r-devel-linux-x86_64-debian-clang, r-devel-linux-x86_64-debian-gcc, r-devel-linux-x86_64-fedora-clang, r-devel-linux-x86_64-fedora-gcc, r-devel-windows-x86_64, r-patched-linux-x86_64, r-release-linux-x86_64, r-release-macos-arm64, r-release-macos-x86_64, r-release-windows-x86_64, r-oldrel-macos-arm64, r-oldrel-macos-x86_64, r-oldrel-windows-x86_64